INSERT INTO `crons_report` (`crons_id`, `crons_service_name`, `crons_date`, `crons_detail`) VALUES
(46872, 'Balance Alert', '2023-07-26 15:17:39', 'Balance Alert isimli cron 26.07.2023 20:47:39 tarihinde çalıştırılmıştır.'),
(46873, 'Api Orders', '2023-07-26 15:19:02', 'Api Orders named cron 26.07.2023 20:49:02 was run on.'),
(46874, 'DripFeed', '2023-07-26 15:19:02', 'DripFeed named cron 26.07.2023 20:49:02 was run on.'),
(46875, 'Sync', '2023-07-26 15:19:35', 'Sync named cron 26.07.2023 20:49:35 was run on.'),
(46876, 'Send Task', '2023-07-26 15:19:35', 'Send Task isimli cron 26.07.2023 20:49:35 tarihinde çalıştırılmıştır.'),
(46877, 'Balance Alert', '2023-07-26 15:19:36', 'Balance Alert isimli cron 26.07.2023 20:49:36 tarihinde çalıştırılmıştır.'),
(46878, 'Api Orders', '2023-07-26 15:20:08', 'Api Orders named cron 26.07.2023 20:50:08 was run on.'),
(46879, 'Site Orders', '2023-07-26 15:20:08', 'Site Orders named cron 26.07.2023 20:50:08 was run on.'),
(46880, 'DripFeed', '2023-07-26 15:20:08', 'DripFeed named cron 26.07.2023 20:50:08 was run on.'),
(46881, 'Api Orders', '2023-07-26 15:22:03', 'Api Orders named cron 26.07.2023 20:52:03 was run on.'),
(46882, 'DripFeed', '2023-07-26 15:22:03', 'DripFeed named cron 26.07.2023 20:52:03 was run on.'),
(46883, 'Api Orders', '2023-07-26 15:23:04', 'Api Orders named cron 26.07.2023 20:53:04 was run on.'),
(46884, 'Site Orders', '2023-07-26 15:23:04', 'Site Orders named cron 26.07.2023 20:53:04 was run on.'),
(46885, 'DripFeed', '2023-07-26 15:23:04', 'DripFeed named cron 26.07.2023 20:53:04 was run on.'),
(46886, 'Sync', '2023-07-26 15:23:40', 'Sync named cron 26.07.2023 20:53:40 was run on.'),
(46887, 'Send Task', '2023-07-26 15:23:40', 'Send Task isimli cron 26.07.2023 20:53:40 tarihinde çalıştırılmıştır.'),
(46888, 'Balance Alert', '2023-07-26 15:23:41', 'Balance Alert isimli cron 26.07.2023 20:53:41 tarihinde çalıştırılmıştır.'),
(46889, 'Api Orders', '2023-07-26 15:25:07', 'Api Orders named cron 26.07.2023 20:55:07 was run on.'),
(46890, 'Site Orders', '2023-07-26 15:25:07', 'Site Orders named cron 26.07.2023 20:55:07 was run on.'),
(46891, 'DripFeed', '2023-07-26 15:25:07', 'DripFeed named cron 26.07.2023 20:55:07 was run on.'),
(46892, 'Api Orders', '2023-07-26 15:27:04', 'Api Orders named cron 26.07.2023 20:57:04 was run on.'),
(46893, 'DripFeed', '2023-07-26 15:27:04', 'DripFeed named cron 26.07.2023 20:57:04 was run on.'),
(46894, 'Site Orders', '2023-07-26 15:28:03', 'Site Orders named cron 26.07.2023 20:58:03 was run on.'),
(46895, 'Api Orders', '2023-07-26 15:29:02', 'Api Orders named cron 26.07.2023 20:59:02 was run on.'),
(46896, 'DripFeed', '2023-07-26 15:29:02', 'DripFeed named cron 26.07.2023 20:59:02 was run on.'),
(46897, 'Api Orders', '2023-07-26 15:31:03', 'Api Orders named cron 26.07.2023 21:01:02 was run on.'),
(46898, 'Site Orders', '2023-07-26 15:31:03', 'Site Orders named cron 26.07.2023 21:01:03 was run on.'),
(46899, 'DripFeed', '2023-07-26 15:31:03', 'DripFeed named cron 26.07.2023 21:01:03 was run on.'),
(46900, 'Api Orders', '2023-07-26 15:32:03', 'Api Orders named cron 26.07.2023 21:02:03 was run on.'),
(46901, 'Api Orders', '2023-07-26 15:35:07', 'Api Orders named cron 26.07.2023 21:05:07 was run on.'),
(46902, 'Site Orders', '2023-07-26 15:35:07', 'Site Orders named cron 26.07.2023 21:05:07 was run on.'),
(46903, 'DripFeed', '2023-07-26 15:35:07', 'DripFeed named cron 26.07.2023 21:05:07 was run on.'),
(46904, 'Api Orders', '2023-07-26 15:37:03', 'Api Orders named cron 26.07.2023 21:07:03 was run on.'),
(46905, 'DripFeed', '2023-07-26 15:37:03', 'DripFeed named cron 26.07.2023 21:07:03 was run on.'),
(46906, 'Api Orders', '2023-07-26 15:38:04', 'Api Orders named cron 26.07.2023 21:08:04 was run on.'),
(46907, 'Site Orders', '2023-07-26 15:38:04', 'Site Orders named cron 26.07.2023 21:08:04 was run on.'),
(46908, 'DripFeed', '2023-07-26 15:38:04', 'DripFeed named cron 26.07.2023 21:08:04 was run on.'),
(46909, 'Api Orders', '2023-07-26 15:40:07', 'Api Orders named cron 26.07.2023 21:10:07 was run on.'),
(46910, 'Site Orders', '2023-07-26 15:40:07', 'Site Orders named cron 26.07.2023 21:10:07 was run on.'),
(46911, 'DripFeed', '2023-07-26 15:40:07', 'DripFeed named cron 26.07.2023 21:10:07 was run on.'),
(46912, 'Api Orders', '2023-07-26 15:42:04', 'Api Orders named cron 26.07.2023 21:12:04 was run on.'),
(46913, 'DripFeed', '2023-07-26 15:42:04', 'DripFeed named cron 26.07.2023 21:12:04 was run on.'),
(46914, 'Site Orders', '2023-07-26 15:43:03', 'Site Orders named cron 26.07.2023 21:13:03 was run on.'),
(46915, 'Api Orders', '2023-07-26 15:44:03', 'Api Orders named cron 26.07.2023 21:14:03 was run on.'),
(46916, 'DripFeed', '2023-07-26 15:44:03', 'DripFeed named cron 26.07.2023 21:14:03 was run on.'),
(46917, 'Api Orders', '2023-07-26 15:45:07', 'Api Orders named cron 26.07.2023 21:15:07 was run on.'),
(46918, 'Site Orders', '2023-07-26 15:45:07', 'Site Orders named cron 26.07.2023 21:15:07 was run on.'),
(46919, 'DripFeed', '2023-07-26 15:45:07', 'DripFeed named cron 26.07.2023 21:15:07 was run on.'),
(46920, 'Api Orders', '2023-07-26 15:47:03', 'Api Orders named cron 26.07.2023 21:17:03 was run on.'),
(46921, 'DripFeed', '2023-07-26 15:47:03', 'DripFeed named cron 26.07.2023 21:17:03 was run on.'),
(46922, 'Api Orders', '2023-07-26 15:48:04', 'Api Orders named cron 26.07.2023 21:18:04 was run on.'),
(46923, 'Site Orders', '2023-07-26 15:48:04', 'Site Orders named cron 26.07.2023 21:18:04 was run on.'),
(46924, 'DripFeed', '2023-07-26 15:48:04', 'DripFeed named cron 26.07.2023 21:18:04 was run on.'),
(46925, 'Api Orders', '2023-07-26 15:51:04', 'Api Orders named cron 26.07.2023 21:21:04 was run on.'),
(46926, 'Site Orders', '2023-07-26 15:51:04', 'Site Orders named cron 26.07.2023 21:21:04 was run on.'),
(46927, 'DripFeed', '2023-07-26 15:51:04', 'DripFeed named cron 26.07.2023 21:21:04 was run on.'),
(46928, 'Api Orders', '2023-07-26 15:53:02', 'Api Orders named cron 26.07.2023 21:23:02 was run on.'),
(46929, 'DripFeed', '2023-07-26 15:53:02', 'DripFeed named cron 26.07.2023 21:23:02 was run on.'),
(46930, 'Api Orders', '2023-07-26 15:54:03', 'Api Orders named cron 26.07.2023 21:24:03 was run on.'),
(46931, 'Site Orders', '2023-07-26 15:54:03', 'Site Orders named cron 26.07.2023 21:24:03 was run on.'),
(46932, 'DripFeed', '2023-07-26 15:54:03', 'DripFeed named cron 26.07.2023 21:24:03 was run on.'),
(46933, 'Api Orders', '2023-07-26 15:55:08', 'Api Orders named cron 26.07.2023 21:25:08 was run on.'),
(46934, 'DripFeed', '2023-07-26 15:55:08', 'DripFeed named cron 26.07.2023 21:25:08 was run on.'),
(46935, 'Api Orders', '2023-07-26 15:57:03', 'Api Orders named cron 26.07.2023 21:27:03 was run on.'),
(46936, 'Site Orders', '2023-07-26 15:57:03', 'Site Orders named cron 26.07.2023 21:27:03 was run on.'),
(46937, 'DripFeed', '2023-07-26 15:57:03', 'DripFeed named cron 26.07.2023 21:27:03 was run on.'),
(46938, 'Api Orders', '2023-07-26 15:59:02', 'Api Orders named cron 26.07.2023 21:29:02 was run on.'),
(46939, 'DripFeed', '2023-07-26 15:59:02', 'DripFeed named cron 26.07.2023 21:29:02 was run on.'),
(46940, 'Api Orders', '2023-07-26 16:00:09', 'Api Orders named cron 26.07.2023 21:30:09 was run on.'),
(46941, 'Site Orders', '2023-07-26 16:00:09', 'Site Orders named cron 26.07.2023 21:30:09 was run on.'),
(46942, 'DripFeed', '2023-07-26 16:00:09', 'DripFeed named cron 26.07.2023 21:30:09 was run on.'),
(46943, 'Api Orders', '2023-07-26 16:02:05', 'Api Orders named cron 26.07.2023 21:32:05 was run on.'),
(46944, 'DripFeed', '2023-07-26 16:02:05', 'DripFeed named cron 26.07.2023 21:32:05 was run on.'),
(46945, 'Site Orders', '2023-07-26 16:03:03', 'Site Orders named cron 26.07.2023 21:33:03 was run on.'),
(46946, 'Api Orders', '2023-07-26 16:04:04', 'Api Orders named cron 26.07.2023 21:34:04 was run on.'),
(46947, 'DripFeed', '2023-07-26 16:04:04', 'DripFeed named cron 26.07.2023 21:34:04 was run on.'),
(46948, 'Api Orders', '2023-07-26 16:05:10', 'Api Orders named cron 26.07.2023 21:35:10 was run on.'),
(46949, 'Site Orders', '2023-07-26 16:05:10', 'Site Orders named cron 26.07.2023 21:35:10 was run on.'),
(46950, 'DripFeed', '2023-07-26 16:05:10', 'DripFeed named cron 26.07.2023 21:35:10 was run on.'),
(46951, 'Api Orders', '2023-07-26 16:07:02', 'Api Orders named cron 26.07.2023 21:37:02 was run on.'),
(46952, 'DripFeed', '2023-07-26 16:07:02', 'DripFeed named cron 26.07.2023 21:37:02 was run on.'),
(46953, 'Sync', '2023-07-26 16:07:41', 'Sync named cron 26.07.2023 21:37:41 was run on.'),
(46954, 'Providers', '2023-07-26 16:07:55', 'Providers named cron 26.07.2023 21:37:55 was run on.'),
(46955, 'Send Task', '2023-07-26 16:07:55', 'Send Task isimli cron 26.07.2023 21:37:55 tarihinde çalıştırılmıştır.'),
(46956, 'Balance Alert', '2023-07-26 16:07:57', 'Balance Alert isimli cron 26.07.2023 21:37:57 tarihinde çalıştırılmıştır.'),
(46957, 'Site Orders', '2023-07-26 16:08:02', 'Site Orders named cron 26.07.2023 21:38:02 was run on.'),
(46958, 'Api Orders', '2023-07-26 16:09:02', 'Api Orders named cron 26.07.2023 21:39:02 was run on.'),
(46959, 'DripFeed', '2023-07-26 16:09:02', 'DripFeed named cron 26.07.2023 21:39:02 was run on.'),
(46960, 'Sync', '2023-07-26 16:09:45', 'Sync named cron 26.07.2023 21:39:45 was run on.'),
(46961, 'Send Task', '2023-07-26 16:09:45', 'Send Task isimli cron 26.07.2023 21:39:45 tarihinde çalıştırılmıştır.'),
(46962, 'Balance Alert', '2023-07-26 16:09:45', 'Balance Alert isimli cron 26.07.2023 21:39:45 tarihinde çalıştırılmıştır.'),
(46963, 'Api Orders', '2023-07-26 16:10:08', 'Api Orders named cron 26.07.2023 21:40:08 was run on.'),
(46964, 'Site Orders', '2023-07-26 16:10:08', 'Site Orders named cron 26.07.2023 21:40:08 was run on.'),
(46965, 'DripFeed', '2023-07-26 16:10:08', 'DripFeed named cron 26.07.2023 21:40:08 was run on.'),
(46966, 'Api Orders', '2023-07-26 16:12:03', 'Api Orders named cron 26.07.2023 21:42:03 was run on.'),
(46967, 'DripFeed', '2023-07-26 16:12:03', 'DripFeed named cron 26.07.2023 21:42:03 was run on.'),
(46968, 'Site Orders', '2023-07-26 16:13:02', 'Site Orders named cron 26.07.2023 21:43:02 was run on.'),
(46969, 'Api Orders', '2023-07-26 16:14:04', 'Api Orders named cron 26.07.2023 21:44:04 was run on.'),
(46970, 'DripFeed', '2023-07-26 16:14:04', 'DripFeed named cron 26.07.2023 21:44:04 was run on.'),
(46971, 'Api Orders', '2023-07-26 16:15:09', 'Api Orders named cron 26.07.2023 21:45:09 was run on.'),
(46972, 'Site Orders', '2023-07-26 16:15:09', 'Site Orders named cron 26.07.2023 21:45:09 was run on.'),
(46973, 'DripFeed', '2023-07-26 16:15:09', 'DripFeed named cron 26.07.2023 21:45:09 was run on.'),
(46974, 'Api Orders', '2023-07-26 16:17:02', 'Api Orders named cron 26.07.2023 21:47:02 was run on.'),
(46975, 'DripFeed', '2023-07-26 16:17:02', 'DripFeed named cron 26.07.2023 21:47:02 was run on.'),
(46976, 'Api Orders', '2023-07-26 16:18:04', 'Api Orders named cron 26.07.2023 21:48:04 was run on.'),
(46977, 'Site Orders', '2023-07-26 16:18:04', 'Site Orders named cron 26.07.2023 21:48:04 was run on.'),
(46978, 'DripFeed', '2023-07-26 16:18:04', 'DripFeed named cron 26.07.2023 21:48:04 was run on.'),
(46979, 'Api Orders', '2023-07-26 16:20:07', 'Api Orders named cron 26.07.2023 21:50:07 was run on.'),
(46980, 'Site Orders', '2023-07-26 16:20:07', 'Site Orders named cron 26.07.2023 21:50:07 was run on.'),
(46981, 'DripFeed', '2023-07-26 16:20:07', 'DripFeed named cron 26.07.2023 21:50:07 was run on.'),
(46982, 'Api Orders', '2023-07-26 16:22:03', 'Api Orders named cron 26.07.2023 21:52:03 was run on.'),
(46983, 'DripFeed', '2023-07-26 16:22:03', 'DripFeed named cron 26.07.2023 21:52:03 was run on.'),
(46984, 'Site Orders', '2023-07-26 16:23:03', 'Site Orders named cron 26.07.2023 21:53:03 was run on.'),
(46985, 'Api Orders', '2023-07-26 16:24:03', 'Api Orders named cron 26.07.2023 21:54:03 was run on.'),
(46986, 'DripFeed', '2023-07-26 16:24:03', 'DripFeed named cron 26.07.2023 21:54:03 was run on.'),
(46987, 'Sync', '2023-07-26 16:24:35', 'Sync named cron 26.07.2023 21:54:35 was run on.'),
(46988, 'Providers', '2023-07-26 16:24:49', 'Providers named cron 26.07.2023 21:54:49 was run on.'),
(46989, 'Send Task', '2023-07-26 16:24:49', 'Send Task isimli cron 26.07.2023 21:54:49 tarihinde çalıştırılmıştır.'),
(46990, 'Balance Alert', '2023-07-26 16:24:49', 'Balance Alert isimli cron 26.07.2023 21:54:49 tarihinde çalıştırılmıştır.'),
(46991, 'Api Orders', '2023-07-26 16:26:05', 'Api Orders named cron 26.07.2023 21:56:05 was run on.'),
(46992, 'Site Orders', '2023-07-26 16:26:05', 'Site Orders named cron 26.07.2023 21:56:05 was run on.'),
(46993, 'DripFeed', '2023-07-26 16:26:05', 'DripFeed named cron 26.07.2023 21:56:05 was run on.'),
(46994, 'Api Orders', '2023-07-26 16:28:04', 'Api Orders named cron 26.07.2023 21:58:04 was run on.'),
(46995, 'DripFeed', '2023-07-26 16:28:04', 'DripFeed named cron 26.07.2023 21:58:04 was run on.'),
(46996, 'Site Orders', '2023-07-26 16:29:04', 'Site Orders named cron 26.07.2023 21:59:04 was run on.'),
(46997, 'Sync', '2023-07-26 16:29:36', 'Sync named cron 26.07.2023 21:59:36 was run on.'),
(46998, 'Send Task', '2023-07-26 16:29:36', 'Send Task isimli cron 26.07.2023 21:59:36 tarihinde çalıştırılmıştır.'),
(46999, 'Balance Alert', '2023-07-26 16:29:36', 'Balance Alert isimli cron 26.07.2023 21:59:36 tarihinde çalıştırılmıştır.'),
(47000, 'Api Orders', '2023-07-26 16:30:19', 'Api Orders named cron 26.07.2023 22:00:19 was run on.'),
(47001, 'DripFeed', '2023-07-26 16:30:19', 'DripFeed named cron 26.07.2023 22:00:19 was run on.'),
(47002, 'Api Orders', '2023-07-26 16:32:04', 'Api Orders named cron 26.07.2023 22:02:04 was run on.'),
(47003, 'Site Orders', '2023-07-26 16:32:04', 'Site Orders named cron 26.07.2023 22:02:04 was run on.'),
(47004, 'DripFeed', '2023-07-26 16:32:04', 'DripFeed named cron 26.07.2023 22:02:04 was run on.'),
(47005, 'Api Orders', '2023-07-26 16:34:05', 'Api Orders named cron 26.07.2023 22:04:05 was run on.'),
(47006, 'Site Orders', '2023-07-26 16:34:05', 'Site Orders named cron 26.07.2023 22:04:05 was run on.'),
(47007, 'DripFeed', '2023-07-26 16:34:05', 'DripFeed named cron 26.07.2023 22:04:05 was run on.'),
(47008, 'Api Orders', '2023-07-26 16:35:11', 'Api Orders named cron 26.07.2023 22:05:11 was run on.'),
(47009, 'DripFeed', '2023-07-26 16:35:11', 'DripFeed named cron 26.07.2023 22:05:11 was run on.'),
(47010, 'Api Orders', '2023-07-26 16:37:05', 'Api Orders named cron 26.07.2023 22:07:05 was run on.'),
(47011, 'Site Orders', '2023-07-26 16:37:05', 'Site Orders named cron 26.07.2023 22:07:05 was run on.'),
(47012, 'DripFeed', '2023-07-26 16:37:05', 'DripFeed named cron 26.07.2023 22:07:05 was run on.'),
(47013, 'Sync', '2023-07-26 16:38:31', 'Sync named cron 26.07.2023 22:08:31 was run on.'),
(47014, 'Send Task', '2023-07-26 16:38:31', 'Send Task isimli cron 26.07.2023 22:08:31 tarihinde çalıştırılmıştır.'),
(47015, 'Balance Alert', '2023-07-26 16:38:31', 'Balance Alert isimli cron 26.07.2023 22:08:31 tarihinde çalıştırılmıştır.'),
(47016, 'Api Orders', '2023-07-26 16:39:05', 'Api Orders named cron 26.07.2023 22:09:05 was run on.'),
(47017, 'DripFeed', '2023-07-26 16:39:05', 'DripFeed named cron 26.07.2023 22:09:05 was run on.'),
(47018, 'Api Orders', '2023-07-26 16:40:11', 'Api Orders named cron 26.07.2023 22:10:11 was run on.'),
(47019, 'Site Orders', '2023-07-26 16:40:11', 'Site Orders named cron 26.07.2023 22:10:11 was run on.'),
(47020, 'DripFeed', '2023-07-26 16:40:11', 'DripFeed named cron 26.07.2023 22:10:11 was run on.'),
(47021, 'Sync', '2023-07-26 16:40:47', 'Sync named cron 26.07.2023 22:10:47 was run on.'),
(47022, 'Providers', '2023-07-26 16:41:03', 'Providers named cron 26.07.2023 22:11:03 was run on.'),
(47023, 'Send Task', '2023-07-26 16:41:03', 'Send Task isimli cron 26.07.2023 22:11:03 tarihinde çalıştırılmıştır.'),
(47024, 'Balance Alert', '2023-07-26 16:41:03', 'Balance Alert isimli cron 26.07.2023 22:11:03 tarihinde çalıştırılmıştır.'),
(47025, 'Api Orders', '2023-07-26 16:42:04', 'Api Orders named cron 26.07.2023 22:12:04 was run on.'),
(47026, 'DripFeed', '2023-07-26 16:42:04', 'DripFeed named cron 26.07.2023 22:12:04 was run on.'),
(47027, 'Site Orders', '2023-07-26 16:43:03', 'Site Orders named cron 26.07.2023 22:13:03 was run on.'),
(47028, 'Api Orders', '2023-07-26 16:44:04', 'Api Orders named cron 26.07.2023 22:14:04 was run on.'),
(47029, 'DripFeed', '2023-07-26 16:44:04', 'DripFeed named cron 26.07.2023 22:14:04 was run on.'),
(47030, 'Api Orders', '2023-07-26 16:45:14', 'Api Orders named cron 26.07.2023 22:15:14 was run on.'),
(47031, 'Site Orders', '2023-07-26 16:45:14', 'Site Orders named cron 26.07.2023 22:15:14 was run on.'),
(47032, 'DripFeed', '2023-07-26 16:45:14', 'DripFeed named cron 26.07.2023 22:15:14 was run on.'),
(47033, 'Api Orders', '2023-07-26 16:47:03', 'Api Orders named cron 26.07.2023 22:17:03 was run on.'),
(47034, 'DripFeed', '2023-07-26 16:47:03', 'DripFeed named cron 26.07.2023 22:17:03 was run on.'),
(47035, 'Api Orders', '2023-07-26 16:48:04', 'Api Orders named cron 26.07.2023 22:18:04 was run on.'),
(47036, 'Site Orders', '2023-07-26 16:48:04', 'Site Orders named cron 26.07.2023 22:18:04 was run on.'),
(47037, 'DripFeed', '2023-07-26 16:48:04', 'DripFeed named cron 26.07.2023 22:18:04 was run on.'),
(47038, 'Sync', '2023-07-26 16:48:41', 'Sync named cron 26.07.2023 22:18:41 was run on.'),
(47039, 'Send Task', '2023-07-26 16:48:41', 'Send Task isimli cron 26.07.2023 22:18:41 tarihinde çalıştırılmıştır.'),
(47040, 'Balance Alert', '2023-07-26 16:48:41', 'Balance Alert isimli cron 26.07.2023 22:18:41 tarihinde çalıştırılmıştır.'),
(47041, 'Api Orders', '2023-07-26 16:50:15', 'Api Orders named cron 26.07.2023 22:20:15 was run on.'),
(47042, 'Site Orders', '2023-07-26 16:50:15', 'Site Orders named cron 26.07.2023 22:20:15 was run on.'),
(47043, 'DripFeed', '2023-07-26 16:50:15', 'DripFeed named cron 26.07.2023 22:20:15 was run on.'),
(47044, 'Api Orders', '2023-07-26 16:52:05', 'Api Orders named cron 26.07.2023 22:22:05 was run on.'),
(47045, 'DripFeed', '2023-07-26 16:52:05', 'DripFeed named cron 26.07.2023 22:22:05 was run on.'),
(47046, 'Sync', '2023-07-26 16:52:34', 'Sync named cron 26.07.2023 22:22:34 was run on.'),
(47047, 'Send Task', '2023-07-26 16:52:34', 'Send Task isimli cron 26.07.2023 22:22:34 tarihinde çalıştırılmıştır.'),
(47048, 'Balance Alert', '2023-07-26 16:52:35', 'Balance Alert isimli cron 26.07.2023 22:22:35 tarihinde çalıştırılmıştır.'),
(47049, 'Site Orders', '2023-07-26 16:53:03', 'Site Orders named cron 26.07.2023 22:23:03 was run on.'),
(47050, 'Api Orders', '2023-07-26 16:54:04', 'Api Orders named cron 26.07.2023 22:24:04 was run on.'),
(47051, 'DripFeed', '2023-07-26 16:54:04', 'DripFeed named cron 26.07.2023 22:24:04 was run on.'),
(47052, 'Sync', '2023-07-26 16:54:33', 'Sync named cron 26.07.2023 22:24:33 was run on.'),
(47053, 'Send Task', '2023-07-26 16:54:33', 'Send Task isimli cron 26.07.2023 22:24:33 tarihinde çalıştırılmıştır.'),
(47054, 'Balance Alert', '2023-07-26 16:54:34', 'Balance Alert isimli cron 26.07.2023 22:24:34 tarihinde çalıştırılmıştır.'),
(47055, 'Api Orders', '2023-07-26 16:55:12', 'Api Orders named cron 26.07.2023 22:25:12 was run on.'),
(47056, 'Site Orders', '2023-07-26 16:55:12', 'Site Orders named cron 26.07.2023 22:25:12 was run on.'),
(47057, 'DripFeed', '2023-07-26 16:55:12', 'DripFeed named cron 26.07.2023 22:25:12 was run on.'),
(47058, 'Api Orders', '2023-07-26 16:57:04', 'Api Orders named cron 26.07.2023 22:27:04 was run on.'),
(47059, 'DripFeed', '2023-07-26 16:57:04', 'DripFeed named cron 26.07.2023 22:27:04 was run on.'),
(47060, 'Site Orders', '2023-07-26 16:58:04', 'Site Orders named cron 26.07.2023 22:28:04 was run on.'),
(47061, 'Sync', '2023-07-26 16:58:41', 'Sync named cron 26.07.2023 22:28:41 was run on.'),
(47062, 'Api Orders', '2023-07-26 16:59:03', 'Api Orders named cron 26.07.2023 22:29:03 was run on.'),
(47063, 'DripFeed', '2023-07-26 16:59:03', 'DripFeed named cron 26.07.2023 22:29:03 was run on.'),
(47064, 'Api Orders', '2023-07-26 17:00:15', 'Api Orders named cron 26.07.2023 22:30:15 was run on.'),
(47065, 'Site Orders', '2023-07-26 17:00:15', 'Site Orders named cron 26.07.2023 22:30:15 was run on.'),
(47066, 'DripFeed', '2023-07-26 17:00:15', 'DripFeed named cron 26.07.2023 22:30:15 was run on.'),
(47067, 'Api Orders', '2023-07-26 17:02:05', 'Api Orders named cron 26.07.2023 22:32:05 was run on.'),
(47068, 'DripFeed', '2023-07-26 17:02:05', 'DripFeed named cron 26.07.2023 22:32:05 was run on.'),
(47069, 'Site Orders', '2023-07-26 17:03:04', 'Site Orders named cron 26.07.2023 22:33:04 was run on.'),
(47070, 'Api Orders', '2023-07-26 17:04:04', 'Api Orders named cron 26.07.2023 22:34:04 was run on.'),
(47071, 'DripFeed', '2023-07-26 17:04:04', 'DripFeed named cron 26.07.2023 22:34:04 was run on.'),
(47072, 'Api Orders', '2023-07-26 17:06:04', 'Api Orders named cron 26.07.2023 22:36:04 was run on.'),
(47073, 'Site Orders', '2023-07-26 17:06:04', 'Site Orders named cron 26.07.2023 22:36:04 was run on.'),
(47074, 'DripFeed', '2023-07-26 17:06:04', 'DripFeed named cron 26.07.2023 22:36:04 was run on.'),
(47075, 'Api Orders', '2023-07-26 17:07:05', 'Api Orders named cron 26.07.2023 22:37:05 was run on.'),
(47076, 'DripFeed', '2023-07-26 17:07:05', 'DripFeed named cron 26.07.2023 22:37:05 was run on.'),
(47077, 'Site Orders', '2023-07-26 17:08:05', 'Site Orders named cron 26.07.2023 22:38:05 was run on.'),
(47078, 'Sync', '2023-07-26 17:08:32', 'Sync named cron 26.07.2023 22:38:32 was run on.'),
(47079, 'Providers', '2023-07-26 17:08:47', 'Providers named cron 26.07.2023 22:38:47 was run on.'),
(47080, 'Send Task', '2023-07-26 17:08:47', 'Send Task isimli cron 26.07.2023 22:38:47 tarihinde çalıştırılmıştır.'),
(47081, 'Balance Alert', '2023-07-26 17:08:48', 'Balance Alert isimli cron 26.07.2023 22:38:48 tarihinde çalıştırılmıştır.'),
(47082, 'Api Orders', '2023-07-26 17:09:04', 'Api Orders named cron 26.07.2023 22:39:04 was run on.'),
(47083, 'DripFeed', '2023-07-26 17:09:04', 'DripFeed named cron 26.07.2023 22:39:04 was run on.'),
(47084, 'Api Orders', '2023-07-26 17:10:14', 'Api Orders named cron 26.07.2023 22:40:14 was run on.'),
(47085, 'Site Orders', '2023-07-26 17:10:14', 'Site Orders named cron 26.07.2023 22:40:14 was run on.'),
(47086, 'DripFeed', '2023-07-26 17:10:14', 'DripFeed named cron 26.07.2023 22:40:14 was run on.'),
(47087, 'Sync', '2023-07-26 17:10:46', 'Sync named cron 26.07.2023 22:40:46 was run on.'),
(47088, 'Send Task', '2023-07-26 17:10:46', 'Send Task isimli cron 26.07.2023 22:40:46 tarihinde çalıştırılmıştır.'),
(47089, 'Balance Alert', '2023-07-26 17:10:47', 'Balance Alert isimli cron 26.07.2023 22:40:47 tarihinde çalıştırılmıştır.'),
(47090, 'Api Orders', '2023-07-26 17:12:06', 'Api Orders named cron 26.07.2023 22:42:06 was run on.'),
(47091, 'DripFeed', '2023-07-26 17:12:06', 'DripFeed named cron 26.07.2023 22:42:06 was run on.'),
(47092, 'Site Orders', '2023-07-26 17:13:03', 'Site Orders named cron 26.07.2023 22:43:03 was run on.'),
(47093, 'Api Orders', '2023-07-26 17:14:04', 'Api Orders named cron 26.07.2023 22:44:04 was run on.'),
(47094, 'DripFeed', '2023-07-26 17:14:04', 'DripFeed named cron 26.07.2023 22:44:04 was run on.'),
(47095, 'Api Orders', '2023-07-26 17:15:15', 'Api Orders named cron 26.07.2023 22:45:15 was run on.'),
(47096, 'Site Orders', '2023-07-26 17:15:15', 'Site Orders named cron 26.07.2023 22:45:15 was run on.'),
(47097, 'DripFeed', '2023-07-26 17:15:15', 'DripFeed named cron 26.07.2023 22:45:15 was run on.'),
(47098, 'Api Orders', '2023-07-26 17:17:03', 'Api Orders named cron 26.07.2023 22:47:03 was run on.'),
(47099, 'DripFeed', '2023-07-26 17:17:03', 'DripFeed named cron 26.07.2023 22:47:03 was run on.'),
(47100, 'Api Orders', '2023-07-26 17:18:04', 'Api Orders named cron 26.07.2023 22:48:04 was run on.'),
(47101, 'Site Orders', '2023-07-26 17:18:04', 'Site Orders named cron 26.07.2023 22:48:04 was run on.'),
(47102, 'DripFeed', '2023-07-26 17:18:04', 'DripFeed named cron 26.07.2023 22:48:04 was run on.'),
(47103, 'Sync', '2023-07-26 17:18:38', 'Sync named cron 26.07.2023 22:48:38 was run on.'),
(47104, 'Send Task', '2023-07-26 17:18:38', 'Send Task isimli cron 26.07.2023 22:48:38 tarihinde çalıştırılmıştır.'),
(47105, 'Balance Alert', '2023-07-26 17:18:38', 'Balance Alert isimli cron 26.07.2023 22:48:38 tarihinde çalıştırılmıştır.'),
(47106, 'Api Orders', '2023-07-26 17:20:14', 'Api Orders named cron 26.07.2023 22:50:14 was run on.'),
(47107, 'Site Orders', '2023-07-26 17:20:14', 'Site Orders named cron 26.07.2023 22:50:14 was run on.'),
(47108, 'DripFeed', '2023-07-26 17:20:14', 'DripFeed named cron 26.07.2023 22:50:14 was run on.'),
(47109, 'Sync', '2023-07-26 17:20:40', 'Sync named cron 26.07.2023 22:50:40 was run on.'),
(47110, 'Send Task', '2023-07-26 17:20:40', 'Send Task isimli cron 26.07.2023 22:50:40 tarihinde çalıştırılmıştır.'),
(47111, 'Balance Alert', '2023-07-26 17:20:41', 'Balance Alert isimli cron 26.07.2023 22:50:41 tarihinde çalıştırılmıştır.'),
(47112, 'Api Orders', '2023-07-26 17:22:04', 'Api Orders named cron 26.07.2023 22:52:04 was run on.'),
(47113, 'DripFeed', '2023-07-26 17:22:04', 'DripFeed named cron 26.07.2023 22:52:04 was run on.'),
(47114, 'Sync', '2023-07-26 17:22:33', 'Sync named cron 26.07.2023 22:52:33 was run on.'),
(47115, 'Send Task', '2023-07-26 17:22:33', 'Send Task isimli cron 26.07.2023 22:52:33 tarihinde çalıştırılmıştır.'),
(47116, 'Balance Alert', '2023-07-26 17:22:34', 'Balance Alert isimli cron 26.07.2023 22:52:34 tarihinde çalıştırılmıştır.'),
(47117, 'Site Orders', '2023-07-26 17:23:04', 'Site Orders named cron 26.07.2023 22:53:04 was run on.'),
(47118, 'Api Orders', '2023-07-26 17:24:05', 'Api Orders named cron 26.07.2023 22:54:05 was run on.'),
(47119, 'DripFeed', '2023-07-26 17:24:05', 'DripFeed named cron 26.07.2023 22:54:05 was run on.'),
(47120, 'Sync', '2023-07-26 17:24:39', 'Sync named cron 26.07.2023 22:54:39 was run on.'),
(47121, 'Api Orders', '2023-07-26 17:25:12', 'Api Orders named cron 26.07.2023 22:55:12 was run on.'),
(47122, 'Site Orders', '2023-07-26 17:25:12', 'Site Orders named cron 26.07.2023 22:55:12 was run on.'),
(47123, 'DripFeed', '2023-07-26 17:25:12', 'DripFeed named cron 26.07.2023 22:55:12 was run on.'),
(47124, 'Api Orders', '2023-07-26 17:27:06', 'Api Orders named cron 26.07.2023 22:57:06 was run on.'),
(47125, 'DripFeed', '2023-07-26 17:27:06', 'DripFeed named cron 26.07.2023 22:57:06 was run on.'),
(47126, 'Site Orders', '2023-07-26 17:28:04', 'Site Orders named cron 26.07.2023 22:58:04 was run on.'),
(47127, 'Api Orders', '2023-07-26 17:29:05', 'Api Orders named cron 26.07.2023 22:59:05 was run on.'),
(47128, 'DripFeed', '2023-07-26 17:29:05', 'DripFeed named cron 26.07.2023 22:59:05 was run on.'),
(47129, 'Sync', '2023-07-26 17:29:29', 'Sync named cron 26.07.2023 22:59:29 was run on.'),
(47130, 'Api Orders', '2023-07-26 17:30:16', 'Api Orders named cron 26.07.2023 23:00:16 was run on.'),
(47131, 'Site Orders', '2023-07-26 17:30:16', 'Site Orders named cron 26.07.2023 23:00:16 was run on.'),
(47132, 'DripFeed', '2023-07-26 17:30:16', 'DripFeed named cron 26.07.2023 23:00:16 was run on.'),
(47133, 'Api Orders', '2023-07-26 17:32:05', 'Api Orders named cron 26.07.2023 23:02:05 was run on.'),
(47134, 'DripFeed', '2023-07-26 17:32:05', 'DripFeed named cron 26.07.2023 23:02:05 was run on.'),
(47135, 'Api Orders', '2023-07-26 17:33:06', 'Api Orders named cron 26.07.2023 23:03:06 was run on.'),
(47136, 'Site Orders', '2023-07-26 17:33:06', 'Site Orders named cron 26.07.2023 23:03:06 was run on.'),
(47137, 'DripFeed', '2023-07-26 17:33:06', 'DripFeed named cron 26.07.2023 23:03:06 was run on.'),
(47138, 'Api Orders', '2023-07-26 17:35:15', 'Api Orders named cron 26.07.2023 23:05:15 was run on.'),
(47139, 'Site Orders', '2023-07-26 17:35:15', 'Site Orders named cron 26.07.2023 23:05:15 was run on.'),
(47140, 'DripFeed', '2023-07-26 17:35:15', 'DripFeed named cron 26.07.2023 23:05:15 was run on.'),
(47141, 'Sync', '2023-07-26 17:35:47', 'Sync named cron 26.07.2023 23:05:47 was run on.'),
(47142, 'Providers', '2023-07-26 17:36:01', 'Providers named cron 26.07.2023 23:06:01 was run on.'),
(47143, 'Send Task', '2023-07-26 17:36:01', 'Send Task isimli cron 26.07.2023 23:06:01 tarihinde çalıştırılmıştır.'),
(47144, 'Balance Alert', '2023-07-26 17:36:02', 'Balance Alert isimli cron 26.07.2023 23:06:02 tarihinde çalıştırılmıştır.'),
(47145, 'Api Orders', '2023-07-26 17:37:05', 'Api Orders named cron 26.07.2023 23:07:05 was run on.'),
(47146, 'DripFeed', '2023-07-26 17:37:05', 'DripFeed named cron 26.07.2023 23:07:05 was run on.'),
(47147, 'Site Orders', '2023-07-26 17:38:05', 'Site Orders named cron 26.07.2023 23:08:05 was run on.'),
(47148, 'Api Orders', '2023-07-26 17:39:05', 'Api Orders named cron 26.07.2023 23:09:05 was run on.'),
(47149, 'DripFeed', '2023-07-26 17:39:05', 'DripFeed named cron 26.07.2023 23:09:05 was run on.'),
(47150, 'Sync', '2023-07-26 17:39:49', 'Sync named cron 26.07.2023 23:09:49 was run on.'),
(47151, 'Send Task', '2023-07-26 17:39:49', 'Send Task isimli cron 26.07.2023 23:09:49 tarihinde çalıştırılmıştır.'),
(47152, 'Balance Alert', '2023-07-26 17:39:49', 'Balance Alert isimli cron 26.07.2023 23:09:49 tarihinde çalıştırılmıştır.'),
(47153, 'Api Orders', '2023-07-26 17:40:15', 'Api Orders named cron 26.07.2023 23:10:15 was run on.'),
(47154, 'Site Orders', '2023-07-26 17:40:15', 'Site Orders named cron 26.07.2023 23:10:15 was run on.'),
(47155, 'DripFeed', '2023-07-26 17:40:15', 'DripFeed named cron 26.07.2023 23:10:15 was run on.'),
(47156, 'Api Orders', '2023-07-26 17:42:05', 'Api Orders named cron 26.07.2023 23:12:05 was run on.'),
(47157, 'DripFeed', '2023-07-26 17:42:05', 'DripFeed named cron 26.07.2023 23:12:05 was run on.'),
(47158, 'Site Orders', '2023-07-26 17:43:04', 'Site Orders named cron 26.07.2023 23:13:04 was run on.'),
(47159, 'Api Orders', '2023-07-26 17:44:03', 'Api Orders named cron 26.07.2023 23:14:03 was run on.'),
(47160, 'DripFeed', '2023-07-26 17:44:04', 'DripFeed named cron 26.07.2023 23:14:04 was run on.'),
(47161, 'Api Orders', '2023-07-26 17:45:14', 'Api Orders named cron 26.07.2023 23:15:14 was run on.'),
(47162, 'Site Orders', '2023-07-26 17:45:15', 'Site Orders named cron 26.07.2023 23:15:15 was run on.'),
(47163, 'DripFeed', '2023-07-26 17:45:15', 'DripFeed named cron 26.07.2023 23:15:15 was run on.'),
(47164, 'Sync', '2023-07-26 17:46:36', 'Sync named cron 26.07.2023 23:16:36 was run on.'),
(47165, 'Send Task', '2023-07-26 17:46:36', 'Send Task isimli cron 26.07.2023 23:16:36 tarihinde çalıştırılmıştır.'),
(47166, 'Balance Alert', '2023-07-26 17:46:37', 'Balance Alert isimli cron 26.07.2023 23:16:37 tarihinde çalıştırılmıştır.'),
(47167, 'Api Orders', '2023-07-26 17:47:03', 'Api Orders named cron 26.07.2023 23:17:03 was run on.'),
(47168, 'DripFeed', '2023-07-26 17:47:03', 'DripFeed named cron 26.07.2023 23:17:03 was run on.'),
(47169, 'Api Orders', '2023-07-26 17:48:04', 'Api Orders named cron 26.07.2023 23:18:04 was run on.'),
(47170, 'Site Orders', '2023-07-26 17:48:04', 'Site Orders named cron 26.07.2023 23:18:04 was run on.'),
(47171, 'DripFeed', '2023-07-26 17:48:04', 'DripFeed named cron 26.07.2023 23:18:04 was run on.'),
(47172, 'Sync', '2023-07-26 17:48:42', 'Sync named cron 26.07.2023 23:18:42 was run on.'),
(47173, 'Send Task', '2023-07-26 17:48:42', 'Send Task isimli cron 26.07.2023 23:18:42 tarihinde çalıştırılmıştır.'),
(47174, 'Balance Alert', '2023-07-26 17:48:43', 'Balance Alert isimli cron 26.07.2023 23:18:43 tarihinde çalıştırılmıştır.'),
(47175, 'Api Orders', '2023-07-26 17:50:15', 'Api Orders named cron 26.07.2023 23:20:15 was run on.'),
(47176, 'Site Orders', '2023-07-26 17:50:15', 'Site Orders named cron 26.07.2023 23:20:15 was run on.'),
(47177, 'DripFeed', '2023-07-26 17:50:16', 'DripFeed named cron 26.07.2023 23:20:16 was run on.'),
(47178, 'Sync', '2023-07-26 17:51:40', 'Sync named cron 26.07.2023 23:21:40 was run on.'),
(47179, 'Api Orders', '2023-07-26 17:52:05', 'Api Orders named cron 26.07.2023 23:22:05 was run on.'),
(47180, 'DripFeed', '2023-07-26 17:52:05', 'DripFeed named cron 26.07.2023 23:22:05 was run on.'),
(47181, 'Site Orders', '2023-07-26 17:53:05', 'Site Orders named cron 26.07.2023 23:23:05 was run on.'),
(47182, 'Api Orders', '2023-07-26 17:54:05', 'Api Orders named cron 26.07.2023 23:24:05 was run on.'),
(47183, 'DripFeed', '2023-07-26 17:54:05', 'DripFeed named cron 26.07.2023 23:24:05 was run on.'),
(47184, 'Api Orders', '2023-07-26 17:55:13', 'Api Orders named cron 26.07.2023 23:25:13 was run on.'),
(47185, 'Site Orders', '2023-07-26 17:55:13', 'Site Orders named cron 26.07.2023 23:25:13 was run on.'),
(47186, 'DripFeed', '2023-07-26 17:55:13', 'DripFeed named cron 26.07.2023 23:25:13 was run on.'),
(47187, 'Sync', '2023-07-26 17:56:39', 'Sync named cron 26.07.2023 23:26:39 was run on.'),
(47188, 'Api Orders', '2023-07-26 17:57:04', 'Api Orders named cron 26.07.2023 23:27:04 was run on.'),
(47189, 'DripFeed', '2023-07-26 17:57:04', 'DripFeed named cron 26.07.2023 23:27:04 was run on.'),
(47190, 'Site Orders', '2023-07-26 17:58:04', 'Site Orders named cron 26.07.2023 23:28:04 was run on.'),
(47191, 'Api Orders', '2023-07-26 17:59:03', 'Api Orders named cron 26.07.2023 23:29:03 was run on.'),
(47192, 'DripFeed', '2023-07-26 17:59:03', 'DripFeed named cron 26.07.2023 23:29:03 was run on.'),
(47193, 'Api Orders', '2023-07-26 18:00:17', 'Api Orders named cron 26.07.2023 23:30:17 was run on.'),
(47194, 'Site Orders', '2023-07-26 18:00:17', 'Site Orders named cron 26.07.2023 23:30:17 was run on.'),
(47195, 'DripFeed', '2023-07-26 18:00:17', 'DripFeed named cron 26.07.2023 23:30:17 was run on.'),
(47196, 'Api Orders', '2023-07-26 18:02:05', 'Api Orders named cron 26.07.2023 23:32:05 was run on.'),
(47197, 'DripFeed', '2023-07-26 18:02:05', 'DripFeed named cron 26.07.2023 23:32:05 was run on.'),
(47198, 'Site Orders', '2023-07-26 18:03:04', 'Site Orders named cron 26.07.2023 23:33:04 was run on.'),
(47199, 'Api Orders', '2023-07-26 18:04:04', 'Api Orders named cron 26.07.2023 23:34:04 was run on.'),
(47200, 'DripFeed', '2023-07-26 18:04:04', 'DripFeed named cron 26.07.2023 23:34:04 was run on.'),
(47201, 'Sync', '2023-07-26 18:04:38', 'Sync named cron 26.07.2023 23:34:38 was run on.'),
(47202, 'Api Orders', '2023-07-26 18:05:12', 'Api Orders named cron 26.07.2023 23:35:12 was run on.'),
(47203, 'Site Orders', '2023-07-26 18:05:12', 'Site Orders named cron 26.07.2023 23:35:12 was run on.'),
(47204, 'DripFeed', '2023-07-26 18:05:12', 'DripFeed named cron 26.07.2023 23:35:12 was run on.'),
(47205, 'Api Orders', '2023-07-26 18:07:05', 'Api Orders named cron 26.07.2023 23:37:05 was run on.'),
(47206, 'DripFeed', '2023-07-26 18:07:05', 'DripFeed named cron 26.07.2023 23:37:05 was run on.'),
(47207, 'Site Orders', '2023-07-26 18:08:05', 'Site Orders named cron 26.07.2023 23:38:05 was run on.'),
(47208, 'Api Orders', '2023-07-27 19:59:02', 'Api Orders named cron 28.07.2023 01:29:02 was run on.'),
(47209, 'Site Orders', '2023-07-27 19:59:02', 'Site Orders named cron 28.07.2023 01:29:02 was run on.'),
(47210, 'DripFeed', '2023-07-27 19:59:02', 'DripFeed named cron 28.07.2023 01:29:02 was run on.'),
(47211, 'Sync', '2023-07-27 19:59:31', 'Sync named cron 28.07.2023 01:29:31 was run on.'),
(47212, 'Providers', '2023-07-27 19:59:45', 'Providers named cron 28.07.2023 01:29:45 was run on.'),
(47213, 'Send Task', '2023-07-27 19:59:45', 'Send Task isimli cron 28.07.2023 01:29:45 tarihinde çalıştırılmıştır.'),
(47214, 'Balance Alert', '2023-07-27 19:59:47', 'Balance Alert isimli cron 28.07.2023 01:29:47 tarihinde çalıştırılmıştır.'),
(47215, 'Api Orders', '2023-07-27 20:00:06', 'Api Orders named cron 28.07.2023 01:30:06 was run on.'),
(47216, 'DripFeed', '2023-07-27 20:00:06', 'DripFeed named cron 28.07.2023 01:30:06 was run on.'),
(47217, 'Api Orders', '2023-07-27 20:02:02', 'Api Orders named cron 28.07.2023 01:32:02 was run on.'),
(47218, 'Site Orders', '2023-07-27 20:02:02', 'Site Orders named cron 28.07.2023 01:32:02 was run on.'),
(47219, 'DripFeed', '2023-07-27 20:02:02', 'DripFeed named cron 28.07.2023 01:32:02 was run on.'),
(47220, 'Sync', '2023-07-27 20:02:36', 'Sync named cron 28.07.2023 01:32:36 was run on.'),
(47221, 'Send Task', '2023-07-27 20:02:36', 'Send Task isimli cron 28.07.2023 01:32:36 tarihinde çalıştırılmıştır.'),
(47222, 'Balance Alert', '2023-07-27 20:02:36', 'Balance Alert isimli cron 28.07.2023 01:32:36 tarihinde çalıştırılmıştır.'),
(47223, 'Api Orders', '2023-07-27 20:03:03', 'Api Orders named cron 28.07.2023 01:33:03 was run on.'),
(47224, 'DripFeed', '2023-07-27 20:03:03', 'DripFeed named cron 28.07.2023 01:33:03 was run on.'),
(47225, 'Api Orders', '2023-07-27 20:04:04', 'Api Orders named cron 28.07.2023 01:34:04 was run on.'),
(47226, 'Site Orders', '2023-07-27 20:04:04', 'Site Orders named cron 28.07.2023 01:34:04 was run on.'),
(47227, 'DripFeed', '2023-07-27 20:04:04', 'DripFeed named cron 28.07.2023 01:34:04 was run on.'),
(47228, 'Sync', '2023-07-27 20:04:34', 'Sync named cron 28.07.2023 01:34:34 was run on.'),
(47229, 'Send Task', '2023-07-27 20:04:34', 'Send Task isimli cron 28.07.2023 01:34:34 tarihinde çalıştırılmıştır.'),
(47230, 'Balance Alert', '2023-07-27 20:04:34', 'Balance Alert isimli cron 28.07.2023 01:34:34 tarihinde çalıştırılmıştır.'),
(47231, 'Api Orders', '2023-07-27 20:05:06', 'Api Orders named cron 28.07.2023 01:35:06 was run on.'),
(47232, 'DripFeed', '2023-07-27 20:05:06', 'DripFeed named cron 28.07.2023 01:35:06 was run on.'),
(47233, 'Api Orders', '2023-07-27 20:07:03', 'Api Orders named cron 28.07.2023 01:37:03 was run on.'),
(47234, 'Site Orders', '2023-07-27 20:07:03', 'Site Orders named cron 28.07.2023 01:37:03 was run on.'),
(47235, 'DripFeed', '2023-07-27 20:07:03', 'DripFeed named cron 28.07.2023 01:37:03 was run on.'),
(47236, 'Api Orders', '2023-07-27 20:09:02', 'Api Orders named cron 28.07.2023 01:39:02 was run on.'),
(47237, 'DripFeed', '2023-07-27 20:09:02', 'DripFeed named cron 28.07.2023 01:39:02 was run on.'),
(47238, 'Sync', '2023-07-27 20:09:43', 'Sync named cron 28.07.2023 01:39:43 was run on.'),
(47239, 'Send Task', '2023-07-27 20:09:43', 'Send Task isimli cron 28.07.2023 01:39:43 tarihinde çalıştırılmıştır.'),
(47240, 'Balance Alert', '2023-07-27 20:09:44', 'Balance Alert isimli cron 28.07.2023 01:39:44 tarihinde çalıştırılmıştır.'),
(47241, 'Api Orders', '2023-07-27 20:10:03', 'Api Orders named cron 28.07.2023 01:40:03 was run on.'),
(47242, 'Site Orders', '2023-07-27 20:10:03', 'Site Orders named cron 28.07.2023 01:40:03 was run on.'),
(47243, 'DripFeed', '2023-07-27 20:10:03', 'DripFeed named cron 28.07.2023 01:40:03 was run on.'),
(47244, 'Sync', '2023-07-27 20:11:36', 'Sync named cron 28.07.2023 01:41:36 was run on.'),
(47245, 'Send Task', '2023-07-27 20:11:36', 'Send Task isimli cron 28.07.2023 01:41:36 tarihinde çalıştırılmıştır.'),
(47246, 'Balance Alert', '2023-07-27 20:11:36', 'Balance Alert isimli cron 28.07.2023 01:41:36 tarihinde çalıştırılmıştır.'),
(47247, 'Api Orders', '2023-07-27 20:12:02', 'Api Orders named cron 28.07.2023 01:42:02 was run on.'),
(47248, 'DripFeed', '2023-07-27 20:12:02', 'DripFeed named cron 28.07.2023 01:42:02 was run on.'),
(47249, 'Site Orders', '2023-07-27 20:13:02', 'Site Orders named cron 28.07.2023 01:43:02 was run on.'),
(47250, 'Sync', '2023-07-27 20:13:34', 'Sync named cron 28.07.2023 01:43:34 was run on.'),
(47251, 'Send Task', '2023-07-27 20:13:34', 'Send Task isimli cron 28.07.2023 01:43:34 tarihinde çalıştırılmıştır.'),
(47252, 'Balance Alert', '2023-07-27 20:13:34', 'Balance Alert isimli cron 28.07.2023 01:43:34 tarihinde çalıştırılmıştır.'),
(47253, 'Api Orders', '2023-07-27 20:14:03', 'Api Orders named cron 28.07.2023 01:44:03 was run on.'),
(47254, 'DripFeed', '2023-07-27 20:14:03', 'DripFeed named cron 28.07.2023 01:44:03 was run on.'),
(47255, 'Api Orders', '2023-07-27 20:15:04', 'Api Orders named cron 28.07.2023 01:45:04 was run on.'),
(47256, 'Site Orders', '2023-07-27 20:15:04', 'Site Orders named cron 28.07.2023 01:45:04 was run on.'),
(47257, 'DripFeed', '2023-07-27 20:15:04', 'DripFeed named cron 28.07.2023 01:45:04 was run on.'),
(47258, 'Sync', '2023-07-27 20:16:31', 'Sync named cron 28.07.2023 01:46:31 was run on.'),
(47259, 'Api Orders', '2023-07-27 20:17:01', 'Api Orders named cron 28.07.2023 01:47:01 was run on.'),
(47260, 'DripFeed', '2023-07-27 20:17:01', 'DripFeed named cron 28.07.2023 01:47:01 was run on.'),
(47261, 'Api Orders', '2023-07-27 20:18:02', 'Api Orders named cron 28.07.2023 01:48:02 was run on.'),
(47262, 'Site Orders', '2023-07-27 20:18:02', 'Site Orders named cron 28.07.2023 01:48:02 was run on.'),
(47263, 'DripFeed', '2023-07-27 20:18:02', 'DripFeed named cron 28.07.2023 01:48:02 was run on.'),
(47264, 'Api Orders', '2023-07-27 20:20:03', 'Api Orders named cron 28.07.2023 01:50:03 was run on.'),
(47265, 'Site Orders', '2023-07-27 20:20:03', 'Site Orders named cron 28.07.2023 01:50:03 was run on.'),
(47266, 'DripFeed', '2023-07-27 20:20:03', 'DripFeed named cron 28.07.2023 01:50:03 was run on.'),
(47267, 'Sync', '2023-07-27 20:21:37', 'Sync named cron 28.07.2023 01:51:37 was run on.'),
(47268, 'Api Orders', '2023-07-27 20:22:02', 'Api Orders named cron 28.07.2023 01:52:02 was run on.'),
(47269, 'DripFeed', '2023-07-27 20:22:02', 'DripFeed named cron 28.07.2023 01:52:02 was run on.'),
(47270, 'Site Orders', '2023-07-27 20:23:02', 'Site Orders named cron 28.07.2023 01:53:02 was run on.'),
(47271, 'Api Orders', '2023-07-27 20:24:03', 'Api Orders named cron 28.07.2023 01:54:03 was run on.'),
(47272, 'DripFeed', '2023-07-27 20:24:03', 'DripFeed named cron 28.07.2023 01:54:03 was run on.'),
(47273, 'Sync', '2023-07-27 20:24:31', 'Sync named cron 28.07.2023 01:54:31 was run on.'),
(47274, 'Site Orders', '2023-07-27 20:25:03', 'Site Orders named cron 28.07.2023 01:55:03 was run on.'),
(47275, 'Api Orders', '2023-07-27 20:26:03', 'Api Orders named cron 28.07.2023 01:56:03 was run on.'),
(47276, 'DripFeed', '2023-07-27 20:26:03', 'DripFeed named cron 28.07.2023 01:56:03 was run on.'),
(47277, 'Sync', '2023-07-27 20:26:40', 'Sync named cron 28.07.2023 01:56:40 was run on.'),
(47278, 'Api Orders', '2023-07-27 20:28:02', 'Api Orders named cron 28.07.2023 01:58:02 was run on.'),
(47279, 'Site Orders', '2023-07-27 20:28:02', 'Site Orders named cron 28.07.2023 01:58:02 was run on.'),
(47280, 'DripFeed', '2023-07-27 20:28:02', 'DripFeed named cron 28.07.2023 01:58:02 was run on.'),
(47281, 'Api Orders', '2023-07-27 20:29:03', 'Api Orders named cron 28.07.2023 01:59:03 was run on.'),
(47282, 'DripFeed', '2023-07-27 20:29:03', 'DripFeed named cron 28.07.2023 01:59:03 was run on.'),
(47283, 'Api Orders', '2023-07-27 20:30:05', 'Api Orders named cron 28.07.2023 02:00:05 was run on.'),
(47284, 'Site Orders', '2023-07-27 20:30:05', 'Site Orders named cron 28.07.2023 02:00:05 was run on.'),
(47285, 'DripFeed', '2023-07-27 20:30:05', 'DripFeed named cron 28.07.2023 02:00:05 was run on.'),
(47286, 'Api Orders', '2023-07-27 20:32:02', 'Api Orders named cron 28.07.2023 02:02:02 was run on.'),
(47287, 'DripFeed', '2023-07-27 20:32:02', 'DripFeed named cron 28.07.2023 02:02:02 was run on.'),
(47288, 'Site Orders', '2023-07-27 20:33:02', 'Site Orders named cron 28.07.2023 02:03:02 was run on.'),
(47289, 'Api Orders', '2023-07-27 20:34:04', 'Api Orders named cron 28.07.2023 02:04:04 was run on.'),
(47290, 'DripFeed', '2023-07-27 20:34:04', 'DripFeed named cron 28.07.2023 02:04:04 was run on.'),
(47291, 'Sync', '2023-07-27 20:34:33', 'Sync named cron 28.07.2023 02:04:33 was run on.'),
(47292, 'Providers', '2023-07-27 20:34:48', 'Providers named cron 28.07.2023 02:04:48 was run on.'),
(47293, 'Send Task', '2023-07-27 20:34:48', 'Send Task isimli cron 28.07.2023 02:04:48 tarihinde çalıştırılmıştır.'),
(47294, 'Balance Alert', '2023-07-27 20:34:49', 'Balance Alert isimli cron 28.07.2023 02:04:49 tarihinde çalıştırılmıştır.'),
(47295, 'Site Orders', '2023-07-27 20:35:03', 'Site Orders named cron 28.07.2023 02:05:03 was run on.'),
(47296, 'Api Orders', '2023-07-27 20:36:02', 'Api Orders named cron 28.07.2023 02:06:02 was run on.'),
(47297, 'DripFeed', '2023-07-27 20:36:02', 'DripFeed named cron 28.07.2023 02:06:02 was run on.'),
(47298, 'Sync', '2023-07-27 20:36:32', 'Sync named cron 28.07.2023 02:06:32 was run on.'),
(47299, 'Send Task', '2023-07-27 20:36:32', 'Send Task isimli cron 28.07.2023 02:06:32 tarihinde çalıştırılmıştır.'),
(47300, 'Balance Alert', '2023-07-27 20:36:32', 'Balance Alert isimli cron 28.07.2023 02:06:32 tarihinde çalıştırılmıştır.'),
(47301, 'Api Orders', '2023-07-27 20:38:01', 'Api Orders named cron 28.07.2023 02:08:01 was run on.'),
(47302, 'Site Orders', '2023-07-27 20:38:01', 'Site Orders named cron 28.07.2023 02:08:01 was run on.'),
(47303, 'DripFeed', '2023-07-27 20:38:01', 'DripFeed named cron 28.07.2023 02:08:01 was run on.'),
(47304, 'Api Orders', '2023-07-27 20:39:02', 'Api Orders named cron 28.07.2023 02:09:02 was run on.'),
(47305, 'DripFeed', '2023-07-27 20:39:02', 'DripFeed named cron 28.07.2023 02:09:02 was run on.'),
(47306, 'Api Orders', '2023-07-27 20:40:03', 'Api Orders named cron 28.07.2023 02:10:03 was run on.'),
(47307, 'Site Orders', '2023-07-27 20:40:03', 'Site Orders named cron 28.07.2023 02:10:03 was run on.'),
(47308, 'DripFeed', '2023-07-27 20:40:03', 'DripFeed named cron 28.07.2023 02:10:03 was run on.'),
(47309, 'Api Orders', '2023-07-27 20:42:02', 'Api Orders named cron 28.07.2023 02:12:02 was run on.'),
(47310, 'DripFeed', '2023-07-27 20:42:02', 'DripFeed named cron 28.07.2023 02:12:02 was run on.'),
(47311, 'Site Orders', '2023-07-27 20:43:02', 'Site Orders named cron 28.07.2023 02:13:02 was run on.'),
(47312, 'Api Orders', '2023-07-27 20:44:02', 'Api Orders named cron 28.07.2023 02:14:02 was run on.'),
(47313, 'DripFeed', '2023-07-27 20:44:02', 'DripFeed named cron 28.07.2023 02:14:02 was run on.'),
(47314, 'Api Orders', '2023-07-27 20:45:04', 'Api Orders named cron 28.07.2023 02:15:04 was run on.'),
(47315, 'Site Orders', '2023-07-27 20:45:04', 'Site Orders named cron 28.07.2023 02:15:04 was run on.'),
(47316, 'DripFeed', '2023-07-27 20:45:04', 'DripFeed named cron 28.07.2023 02:15:04 was run on.'),
(47317, 'Sync', '2023-07-27 20:45:39', 'Sync named cron 28.07.2023 02:15:39 was run on.'),
(47318, 'Send Task', '2023-07-27 20:45:39', 'Send Task isimli cron 28.07.2023 02:15:39 tarihinde çalıştırılmıştır.'),
(47319, 'Balance Alert', '2023-07-27 20:45:39', 'Balance Alert isimli cron 28.07.2023 02:15:39 tarihinde çalıştırılmıştır.'),
(47320, 'Api Orders', '2023-07-27 20:47:02', 'Api Orders named cron 28.07.2023 02:17:02 was run on.'),
(47321, 'DripFeed', '2023-07-27 20:47:02', 'DripFeed named cron 28.07.2023 02:17:02 was run on.'),
(47322, 'Sync', '2023-07-27 20:47:31', 'Sync named cron 28.07.2023 02:17:31 was run on.'),
(47323, 'Send Task', '2023-07-27 20:47:31', 'Send Task isimli cron 28.07.2023 02:17:31 tarihinde çalıştırılmıştır.'),
(47324, 'Balance Alert', '2023-07-27 20:47:31', 'Balance Alert isimli cron 28.07.2023 02:17:31 tarihinde çalıştırılmıştır.'),
(47325, 'Site Orders', '2023-07-27 20:48:02', 'Site Orders named cron 28.07.2023 02:18:02 was run on.'),
(47326, 'Api Orders', '2023-07-27 20:49:01', 'Api Orders named cron 28.07.2023 02:19:01 was run on.'),
(47327, 'DripFeed', '2023-07-27 20:49:01', 'DripFeed named cron 28.07.2023 02:19:01 was run on.'),
(47328, 'Sync', '2023-07-27 20:49:30', 'Sync named cron 28.07.2023 02:19:30 was run on.'),
(47329, 'Send Task', '2023-07-27 20:49:30', 'Send Task isimli cron 28.07.2023 02:19:30 tarihinde çalıştırılmıştır.'),
(47330, 'Balance Alert', '2023-07-27 20:49:31', 'Balance Alert isimli cron 28.07.2023 02:19:31 tarihinde çalıştırılmıştır.'),
(47331, 'Api Orders', '2023-07-27 20:50:04', 'Api Orders named cron 28.07.2023 02:20:04 was run on.'),
(47332, 'Site Orders', '2023-07-27 20:50:04', 'Site Orders named cron 28.07.2023 02:20:04 was run on.'),
(47333, 'DripFeed', '2023-07-27 20:50:04', 'DripFeed named cron 28.07.2023 02:20:04 was run on.'),
(47334, 'Api Orders', '2023-07-27 20:52:02', 'Api Orders named cron 28.07.2023 02:22:02 was run on.'),
(47335, 'DripFeed', '2023-07-27 20:52:02', 'DripFeed named cron 28.07.2023 02:22:02 was run on.'),
(47336, 'Site Orders', '2023-07-27 20:53:02', 'Site Orders named cron 28.07.2023 02:23:02 was run on.'),
(47337, 'Api Orders', '2023-07-27 20:54:02', 'Api Orders named cron 28.07.2023 02:24:02 was run on.'),
(47338, 'DripFeed', '2023-07-27 20:54:02', 'DripFeed named cron 28.07.2023 02:24:02 was run on.'),
(47339, 'Api Orders', '2023-07-27 20:56:02', 'Api Orders named cron 28.07.2023 02:26:02 was run on.'),
(47340, 'Site Orders', '2023-07-27 20:56:02', 'Site Orders named cron 28.07.2023 02:26:02 was run on.'),
(47341, 'DripFeed', '2023-07-27 20:56:02', 'DripFeed named cron 28.07.2023 02:26:02 was run on.'),
(47342, 'Sync', '2023-07-27 20:56:34', 'Sync named cron 28.07.2023 02:26:34 was run on.'),
(47343, 'Api Orders', '2023-07-27 20:57:03', 'Api Orders named cron 28.07.2023 02:27:03 was run on.'),
(47344, 'DripFeed', '2023-07-27 20:57:03', 'DripFeed named cron 28.07.2023 02:27:03 was run on.'),
(47345, 'Api Orders', '2023-07-27 20:59:02', 'Api Orders named cron 28.07.2023 02:29:02 was run on.'),
(47346, 'Site Orders', '2023-07-27 20:59:02', 'Site Orders named cron 28.07.2023 02:29:02 was run on.'),
(47347, 'DripFeed', '2023-07-27 20:59:02', 'DripFeed named cron 28.07.2023 02:29:02 was run on.'),
(47348, 'Api Orders', '2023-07-27 21:00:05', 'Api Orders named cron 28.07.2023 02:30:05 was run on.'),
(47349, 'DripFeed', '2023-07-27 21:00:05', 'DripFeed named cron 28.07.2023 02:30:05 was run on.'),
(47350, 'Sync', '2023-07-27 21:01:40', 'Sync named cron 28.07.2023 02:31:40 was run on.'),
(47351, 'Api Orders', '2023-07-27 21:02:01', 'Api Orders named cron 28.07.2023 02:32:01 was run on.'),
(47352, 'Site Orders', '2023-07-27 21:02:01', 'Site Orders named cron 28.07.2023 02:32:01 was run on.'),
(47353, 'DripFeed', '2023-07-27 21:02:01', 'DripFeed named cron 28.07.2023 02:32:01 was run on.'),
(47354, 'Api Orders', '2023-07-27 21:04:02', 'Api Orders named cron 28.07.2023 02:34:02 was run on.'),
(47355, 'Site Orders', '2023-07-27 21:04:02', 'Site Orders named cron 28.07.2023 02:34:02 was run on.'),
(47356, 'DripFeed', '2023-07-27 21:04:02', 'DripFeed named cron 28.07.2023 02:34:02 was run on.'),
(47357, 'Api Orders', '2023-07-27 21:06:02', 'Api Orders named cron 28.07.2023 02:36:02 was run on.'),
(47358, 'DripFeed', '2023-07-27 21:06:02', 'DripFeed named cron 28.07.2023 02:36:02 was run on.'),
(47359, 'Site Orders', '2023-07-27 21:07:02', 'Site Orders named cron 28.07.2023 02:37:02 was run on.'),
(47360, 'Sync', '2023-07-27 21:07:29', 'Sync named cron 28.07.2023 02:37:29 was run on.'),
(47361, 'Api Orders', '2023-07-27 21:08:02', 'Api Orders named cron 28.07.2023 02:38:02 was run on.'),
(47362, 'DripFeed', '2023-07-27 21:08:02', 'DripFeed named cron 28.07.2023 02:38:02 was run on.');
INSERT INTO `crons_report` (`crons_id`, `crons_service_name`, `crons_date`, `crons_detail`) VALUES
(47363, 'Api Orders', '2023-07-27 21:10:03', 'Api Orders named cron 28.07.2023 02:40:03 was run on.'),
(47364, 'Site Orders', '2023-07-27 21:10:03', 'Site Orders named cron 28.07.2023 02:40:03 was run on.'),
(47365, 'DripFeed', '2023-07-27 21:10:03', 'DripFeed named cron 28.07.2023 02:40:03 was run on.'),
(47366, 'Api Orders', '2023-07-27 21:12:02', 'Api Orders named cron 28.07.2023 02:42:02 was run on.'),
(47367, 'DripFeed', '2023-07-27 21:12:02', 'DripFeed named cron 28.07.2023 02:42:02 was run on.'),
(47368, 'Sync', '2023-07-27 21:12:31', 'Sync named cron 28.07.2023 02:42:31 was run on.'),
(47369, 'Site Orders', '2023-07-27 21:13:01', 'Site Orders named cron 28.07.2023 02:43:01 was run on.'),
(47370, 'Api Orders', '2023-07-27 21:14:02', 'Api Orders named cron 28.07.2023 02:44:02 was run on.'),
(47371, 'DripFeed', '2023-07-27 21:14:02', 'DripFeed named cron 28.07.2023 02:44:02 was run on.'),
(47372, 'Api Orders', '2023-07-27 21:15:03', 'Api Orders named cron 28.07.2023 02:45:03 was run on.'),
(47373, 'Site Orders', '2023-07-27 21:15:03', 'Site Orders named cron 28.07.2023 02:45:03 was run on.'),
(47374, 'DripFeed', '2023-07-27 21:15:03', 'DripFeed named cron 28.07.2023 02:45:03 was run on.'),
(47375, 'Api Orders', '2023-07-27 21:17:02', 'Api Orders named cron 28.07.2023 02:47:02 was run on.'),
(47376, 'DripFeed', '2023-07-27 21:17:02', 'DripFeed named cron 28.07.2023 02:47:02 was run on.'),
(47377, 'Sync', '2023-07-27 21:17:32', 'Sync named cron 28.07.2023 02:47:32 was run on.'),
(47378, 'Site Orders', '2023-07-27 21:18:02', 'Site Orders named cron 28.07.2023 02:48:02 was run on.'),
(47379, 'Api Orders', '2023-07-27 21:19:02', 'Api Orders named cron 28.07.2023 02:49:02 was run on.'),
(47380, 'DripFeed', '2023-07-27 21:19:02', 'DripFeed named cron 28.07.2023 02:49:02 was run on.'),
(47381, 'Api Orders', '2023-07-27 21:20:03', 'Api Orders named cron 28.07.2023 02:50:03 was run on.'),
(47382, 'Site Orders', '2023-07-27 21:20:03', 'Site Orders named cron 28.07.2023 02:50:03 was run on.'),
(47383, 'DripFeed', '2023-07-27 21:20:03', 'DripFeed named cron 28.07.2023 02:50:03 was run on.'),
(47384, 'Api Orders', '2023-07-27 21:22:02', 'Api Orders named cron 28.07.2023 02:52:02 was run on.'),
(47385, 'DripFeed', '2023-07-27 21:22:02', 'DripFeed named cron 28.07.2023 02:52:02 was run on.'),
(47386, 'Site Orders', '2023-07-27 21:23:01', 'Site Orders named cron 28.07.2023 02:53:01 was run on.'),
(47387, 'Sync', '2023-07-27 21:23:28', 'Sync named cron 28.07.2023 02:53:28 was run on.'),
(47388, 'Api Orders', '2023-07-27 21:24:01', 'Api Orders named cron 28.07.2023 02:54:01 was run on.'),
(47389, 'DripFeed', '2023-07-27 21:24:01', 'DripFeed named cron 28.07.2023 02:54:01 was run on.'),
(47390, 'Api Orders', '2023-07-27 21:25:02', 'Api Orders named cron 28.07.2023 02:55:02 was run on.'),
(47391, 'Site Orders', '2023-07-27 21:25:02', 'Site Orders named cron 28.07.2023 02:55:02 was run on.'),
(47392, 'DripFeed', '2023-07-27 21:25:02', 'DripFeed named cron 28.07.2023 02:55:02 was run on.'),
(47393, 'Api Orders', '2023-07-27 21:26:03', 'Api Orders named cron 28.07.2023 02:56:03 was run on.'),
(47394, 'DripFeed', '2023-07-27 21:26:03', 'DripFeed named cron 28.07.2023 02:56:03 was run on.'),
(47395, 'Sync', '2023-07-27 21:27:33', 'Sync named cron 28.07.2023 02:57:33 was run on.'),
(47396, 'Api Orders', '2023-07-27 21:28:02', 'Api Orders named cron 28.07.2023 02:58:02 was run on.'),
(47397, 'Site Orders', '2023-07-27 21:28:02', 'Site Orders named cron 28.07.2023 02:58:02 was run on.'),
(47398, 'DripFeed', '2023-07-27 21:28:02', 'DripFeed named cron 28.07.2023 02:58:02 was run on.'),
(47399, 'Api Orders', '2023-07-27 21:30:04', 'Api Orders named cron 28.07.2023 03:00:04 was run on.'),
(47400, 'Site Orders', '2023-07-27 21:30:04', 'Site Orders named cron 28.07.2023 03:00:04 was run on.'),
(47401, 'DripFeed', '2023-07-27 21:30:04', 'DripFeed named cron 28.07.2023 03:00:04 was run on.'),
(47402, 'Api Orders', '2023-07-27 21:32:02', 'Api Orders named cron 28.07.2023 03:02:02 was run on.'),
(47403, 'DripFeed', '2023-07-27 21:32:02', 'DripFeed named cron 28.07.2023 03:02:02 was run on.'),
(47404, 'Site Orders', '2023-07-27 21:33:02', 'Site Orders named cron 28.07.2023 03:03:02 was run on.'),
(47405, 'Api Orders', '2023-07-27 21:34:02', 'Api Orders named cron 28.07.2023 03:04:02 was run on.'),
(47406, 'DripFeed', '2023-07-27 21:34:02', 'DripFeed named cron 28.07.2023 03:04:02 was run on.'),
(47407, 'Api Orders', '2023-07-27 21:35:03', 'Api Orders named cron 28.07.2023 03:05:03 was run on.'),
(47408, 'Site Orders', '2023-07-27 21:35:03', 'Site Orders named cron 28.07.2023 03:05:03 was run on.'),
(47409, 'DripFeed', '2023-07-27 21:35:03', 'DripFeed named cron 28.07.2023 03:05:03 was run on.'),
(47410, 'Sync', '2023-07-27 21:36:36', 'Sync named cron 28.07.2023 03:06:36 was run on.'),
(47411, 'Providers', '2023-07-27 21:36:50', 'Providers named cron 28.07.2023 03:06:50 was run on.'),
(47412, 'Send Task', '2023-07-27 21:36:50', 'Send Task isimli cron 28.07.2023 03:06:50 tarihinde çalıştırılmıştır.'),
(47413, 'Balance Alert', '2023-07-27 21:36:50', 'Balance Alert isimli cron 28.07.2023 03:06:50 tarihinde çalıştırılmıştır.'),
(47414, 'Api Orders', '2023-07-27 21:37:02', 'Api Orders named cron 28.07.2023 03:07:02 was run on.'),
(47415, 'DripFeed', '2023-07-27 21:37:02', 'DripFeed named cron 28.07.2023 03:07:02 was run on.'),
(47416, 'Api Orders', '2023-07-27 21:38:03', 'Api Orders named cron 28.07.2023 03:08:03 was run on.'),
(47417, 'Site Orders', '2023-07-27 21:38:03', 'Site Orders named cron 28.07.2023 03:08:03 was run on.'),
(47418, 'DripFeed', '2023-07-27 21:38:03', 'DripFeed named cron 28.07.2023 03:08:03 was run on.'),
(47419, 'Sync', '2023-07-27 21:38:34', 'Sync named cron 28.07.2023 03:08:34 was run on.'),
(47420, 'Send Task', '2023-07-27 21:38:34', 'Send Task isimli cron 28.07.2023 03:08:34 tarihinde çalıştırılmıştır.'),
(47421, 'Balance Alert', '2023-07-27 21:38:35', 'Balance Alert isimli cron 28.07.2023 03:08:35 tarihinde çalıştırılmıştır.'),
(47422, 'Api Orders', '2023-07-27 21:40:05', 'Api Orders named cron 28.07.2023 03:10:05 was run on.'),
(47423, 'Site Orders', '2023-07-27 21:40:05', 'Site Orders named cron 28.07.2023 03:10:05 was run on.'),
(47424, 'DripFeed', '2023-07-27 21:40:05', 'DripFeed named cron 28.07.2023 03:10:05 was run on.'),
(47425, 'Api Orders', '2023-07-27 21:42:02', 'Api Orders named cron 28.07.2023 03:12:02 was run on.'),
(47426, 'DripFeed', '2023-07-27 21:42:02', 'DripFeed named cron 28.07.2023 03:12:02 was run on.'),
(47427, 'Site Orders', '2023-07-27 21:43:02', 'Site Orders named cron 28.07.2023 03:13:02 was run on.'),
(47428, 'Api Orders', '2023-07-27 21:44:02', 'Api Orders named cron 28.07.2023 03:14:02 was run on.'),
(47429, 'DripFeed', '2023-07-27 21:44:02', 'DripFeed named cron 28.07.2023 03:14:02 was run on.'),
(47430, 'Api Orders', '2023-07-27 21:46:02', 'Api Orders named cron 28.07.2023 03:16:02 was run on.'),
(47431, 'Site Orders', '2023-07-27 21:46:02', 'Site Orders named cron 28.07.2023 03:16:02 was run on.'),
(47432, 'DripFeed', '2023-07-27 21:46:02', 'DripFeed named cron 28.07.2023 03:16:02 was run on.'),
(47433, 'Api Orders', '2023-07-27 22:05:03', 'Api Orders named cron 28.07.2023 03:35:03 was run on.'),
(47434, 'Site Orders', '2023-07-27 22:05:03', 'Site Orders named cron 28.07.2023 03:35:03 was run on.'),
(47435, 'DripFeed', '2023-07-27 22:05:03', 'DripFeed named cron 28.07.2023 03:35:03 was run on.'),
(47436, 'Api Orders', '2023-07-27 22:07:01', 'Api Orders named cron 28.07.2023 03:37:01 was run on.'),
(47437, 'DripFeed', '2023-07-27 22:07:01', 'DripFeed named cron 28.07.2023 03:37:01 was run on.'),
(47438, 'Sync', '2023-07-27 22:07:32', 'Sync named cron 28.07.2023 03:37:32 was run on.'),
(47439, 'Providers', '2023-07-27 22:07:47', 'Providers named cron 28.07.2023 03:37:47 was run on.'),
(47440, 'Send Task', '2023-07-27 22:07:47', 'Send Task isimli cron 28.07.2023 03:37:47 tarihinde çalıştırılmıştır.'),
(47441, 'Balance Alert', '2023-07-27 22:07:47', 'Balance Alert isimli cron 28.07.2023 03:37:47 tarihinde çalıştırılmıştır.'),
(47442, 'Site Orders', '2023-07-27 22:08:01', 'Site Orders named cron 28.07.2023 03:38:01 was run on.'),
(47443, 'Api Orders', '2023-07-27 22:09:02', 'Api Orders named cron 28.07.2023 03:39:02 was run on.'),
(47444, 'DripFeed', '2023-07-27 22:09:02', 'DripFeed named cron 28.07.2023 03:39:02 was run on.'),
(47445, 'Sync', '2023-07-27 22:09:42', 'Sync named cron 28.07.2023 03:39:42 was run on.'),
(47446, 'Send Task', '2023-07-27 22:09:42', 'Send Task isimli cron 28.07.2023 03:39:42 tarihinde çalıştırılmıştır.'),
(47447, 'Balance Alert', '2023-07-27 22:09:43', 'Balance Alert isimli cron 28.07.2023 03:39:43 tarihinde çalıştırılmıştır.'),
(47448, 'Site Orders', '2023-07-27 22:10:02', 'Site Orders named cron 28.07.2023 03:40:02 was run on.'),
(47449, 'Api Orders', '2023-07-27 22:11:01', 'Api Orders named cron 28.07.2023 03:41:01 was run on.'),
(47450, 'DripFeed', '2023-07-27 22:11:01', 'DripFeed named cron 28.07.2023 03:41:01 was run on.'),
(47451, 'Api Orders', '2023-07-27 22:12:03', 'Api Orders named cron 28.07.2023 03:42:03 was run on.'),
(47452, 'Site Orders', '2023-07-27 22:12:03', 'Site Orders named cron 28.07.2023 03:42:03 was run on.'),
(47453, 'DripFeed', '2023-07-27 22:12:03', 'DripFeed named cron 28.07.2023 03:42:03 was run on.'),
(47454, 'Api Orders', '2023-07-27 22:14:03', 'Api Orders named cron 28.07.2023 03:44:03 was run on.'),
(47455, 'DripFeed', '2023-07-27 22:14:03', 'DripFeed named cron 28.07.2023 03:44:03 was run on.'),
(47456, 'Api Orders', '2023-07-27 22:15:04', 'Api Orders named cron 28.07.2023 03:45:04 was run on.'),
(47457, 'Site Orders', '2023-07-27 22:15:04', 'Site Orders named cron 28.07.2023 03:45:04 was run on.'),
(47458, 'DripFeed', '2023-07-27 22:15:04', 'DripFeed named cron 28.07.2023 03:45:04 was run on.'),
(47459, 'Api Orders', '2023-07-27 22:17:02', 'Api Orders named cron 28.07.2023 03:47:02 was run on.'),
(47460, 'DripFeed', '2023-07-27 22:17:02', 'DripFeed named cron 28.07.2023 03:47:02 was run on.'),
(47461, 'Site Orders', '2023-07-27 22:18:01', 'Site Orders named cron 28.07.2023 03:48:01 was run on.'),
(47462, 'Sync', '2023-07-27 22:18:33', 'Sync named cron 28.07.2023 03:48:33 was run on.'),
(47463, 'Send Task', '2023-07-27 22:18:33', 'Send Task isimli cron 28.07.2023 03:48:33 tarihinde çalıştırılmıştır.'),
(47464, 'Balance Alert', '2023-07-27 22:18:33', 'Balance Alert isimli cron 28.07.2023 03:48:33 tarihinde çalıştırılmıştır.'),
(47465, 'Api Orders', '2023-07-27 22:19:02', 'Api Orders named cron 28.07.2023 03:49:02 was run on.'),
(47466, 'DripFeed', '2023-07-27 22:19:02', 'DripFeed named cron 28.07.2023 03:49:02 was run on.'),
(47467, 'Api Orders', '2023-07-27 22:20:04', 'Api Orders named cron 28.07.2023 03:50:04 was run on.'),
(47468, 'Site Orders', '2023-07-27 22:20:04', 'Site Orders named cron 28.07.2023 03:50:04 was run on.'),
(47469, 'DripFeed', '2023-07-27 22:20:04', 'DripFeed named cron 28.07.2023 03:50:04 was run on.'),
(47470, 'Sync', '2023-07-27 22:20:37', 'Sync named cron 28.07.2023 03:50:37 was run on.'),
(47471, 'Send Task', '2023-07-27 22:20:37', 'Send Task isimli cron 28.07.2023 03:50:37 tarihinde çalıştırılmıştır.'),
(47472, 'Balance Alert', '2023-07-27 22:20:37', 'Balance Alert isimli cron 28.07.2023 03:50:37 tarihinde çalıştırılmıştır.'),
(47473, 'Api Orders', '2023-07-27 22:22:02', 'Api Orders named cron 28.07.2023 03:52:02 was run on.'),
(47474, 'DripFeed', '2023-07-27 22:22:02', 'DripFeed named cron 28.07.2023 03:52:02 was run on.'),
(47475, 'Sync', '2023-07-27 22:22:32', 'Sync named cron 28.07.2023 03:52:32 was run on.'),
(47476, 'Send Task', '2023-07-27 22:22:32', 'Send Task isimli cron 28.07.2023 03:52:32 tarihinde çalıştırılmıştır.'),
(47477, 'Balance Alert', '2023-07-27 22:22:34', 'Balance Alert isimli cron 28.07.2023 03:52:34 tarihinde çalıştırılmıştır.'),
(47478, 'Site Orders', '2023-07-27 22:23:01', 'Site Orders named cron 28.07.2023 03:53:01 was run on.'),
(47479, 'Api Orders', '2023-07-27 22:24:02', 'Api Orders named cron 28.07.2023 03:54:02 was run on.'),
(47480, 'DripFeed', '2023-07-27 22:24:02', 'DripFeed named cron 28.07.2023 03:54:02 was run on.'),
(47481, 'Api Orders', '2023-07-27 22:25:03', 'Api Orders named cron 28.07.2023 03:55:03 was run on.'),
(47482, 'Site Orders', '2023-07-27 22:25:03', 'Site Orders named cron 28.07.2023 03:55:03 was run on.'),
(47483, 'DripFeed', '2023-07-27 22:25:03', 'DripFeed named cron 28.07.2023 03:55:03 was run on.'),
(47484, 'Api Orders', '2023-07-27 22:27:01', 'Api Orders named cron 28.07.2023 03:57:01 was run on.'),
(47485, 'DripFeed', '2023-07-27 22:27:01', 'DripFeed named cron 28.07.2023 03:57:01 was run on.'),
(47486, 'Site Orders', '2023-07-27 22:28:01', 'Site Orders named cron 28.07.2023 03:58:01 was run on.'),
(47487, 'Api Orders', '2023-07-27 22:29:02', 'Api Orders named cron 28.07.2023 03:59:02 was run on.'),
(47488, 'DripFeed', '2023-07-27 22:29:02', 'DripFeed named cron 28.07.2023 03:59:02 was run on.'),
(47489, 'Api Orders', '2023-07-27 22:30:03', 'Api Orders named cron 28.07.2023 04:00:03 was run on.'),
(47490, 'Site Orders', '2023-07-27 22:30:03', 'Site Orders named cron 28.07.2023 04:00:03 was run on.'),
(47491, 'DripFeed', '2023-07-27 22:30:03', 'DripFeed named cron 28.07.2023 04:00:03 was run on.'),
(47492, 'Api Orders', '2023-07-27 22:32:01', 'Api Orders named cron 28.07.2023 04:02:01 was run on.'),
(47493, 'DripFeed', '2023-07-27 22:32:01', 'DripFeed named cron 28.07.2023 04:02:01 was run on.'),
(47494, 'Api Orders', '2023-07-27 22:33:02', 'Api Orders named cron 28.07.2023 04:03:02 was run on.'),
(47495, 'Site Orders', '2023-07-27 22:33:02', 'Site Orders named cron 28.07.2023 04:03:02 was run on.'),
(47496, 'DripFeed', '2023-07-27 22:33:02', 'DripFeed named cron 28.07.2023 04:03:02 was run on.'),
(47497, 'Sync', '2023-07-27 22:34:39', 'Sync named cron 28.07.2023 04:04:39 was run on.'),
(47498, 'Providers', '2023-07-27 22:34:55', 'Providers named cron 28.07.2023 04:04:55 was run on.'),
(47499, 'Send Task', '2023-07-27 22:34:55', 'Send Task isimli cron 28.07.2023 04:04:55 tarihinde çalıştırılmıştır.'),
(47500, 'Balance Alert', '2023-07-27 22:34:56', 'Balance Alert isimli cron 28.07.2023 04:04:56 tarihinde çalıştırılmıştır.'),
(47501, 'Api Orders', '2023-07-27 22:35:02', 'Api Orders named cron 28.07.2023 04:05:02 was run on.'),
(47502, 'DripFeed', '2023-07-27 22:35:02', 'DripFeed named cron 28.07.2023 04:05:02 was run on.'),
(47503, 'Site Orders', '2023-07-27 22:36:02', 'Site Orders named cron 28.07.2023 04:06:02 was run on.'),
(47504, 'Api Orders', '2023-07-27 22:37:02', 'Api Orders named cron 28.07.2023 04:07:02 was run on.'),
(47505, 'DripFeed', '2023-07-27 22:37:02', 'DripFeed named cron 28.07.2023 04:07:02 was run on.'),
(47506, 'Api Orders', '2023-07-27 22:39:01', 'Api Orders named cron 28.07.2023 04:09:01 was run on.'),
(47507, 'Site Orders', '2023-07-27 22:39:01', 'Site Orders named cron 28.07.2023 04:09:01 was run on.'),
(47508, 'DripFeed', '2023-07-27 22:39:01', 'DripFeed named cron 28.07.2023 04:09:01 was run on.'),
(47509, 'Api Orders', '2023-07-27 22:40:02', 'Api Orders named cron 28.07.2023 04:10:02 was run on.'),
(47510, 'DripFeed', '2023-07-27 22:40:02', 'DripFeed named cron 28.07.2023 04:10:02 was run on.'),
(47511, 'Api Orders', '2023-07-27 22:42:02', 'Api Orders named cron 28.07.2023 04:12:02 was run on.'),
(47512, 'Site Orders', '2023-07-27 22:42:02', 'Site Orders named cron 28.07.2023 04:12:02 was run on.'),
(47513, 'DripFeed', '2023-07-27 22:42:02', 'DripFeed named cron 28.07.2023 04:12:02 was run on.'),
(47514, 'Api Orders', '2023-07-27 22:44:01', 'Api Orders named cron 28.07.2023 04:14:01 was run on.'),
(47515, 'DripFeed', '2023-07-27 22:44:01', 'DripFeed named cron 28.07.2023 04:14:01 was run on.'),
(47516, 'Api Orders', '2023-07-27 22:45:02', 'Api Orders named cron 28.07.2023 04:15:02 was run on.'),
(47517, 'Site Orders', '2023-07-27 22:45:02', 'Site Orders named cron 28.07.2023 04:15:02 was run on.'),
(47518, 'DripFeed', '2023-07-27 22:45:02', 'DripFeed named cron 28.07.2023 04:15:02 was run on.'),
(47519, 'Sync', '2023-07-27 22:46:34', 'Sync named cron 28.07.2023 04:16:34 was run on.'),
(47520, 'Send Task', '2023-07-27 22:46:34', 'Send Task isimli cron 28.07.2023 04:16:34 tarihinde çalıştırılmıştır.'),
(47521, 'Balance Alert', '2023-07-27 22:46:35', 'Balance Alert isimli cron 28.07.2023 04:16:35 tarihinde çalıştırılmıştır.'),
(47522, 'Api Orders', '2023-07-27 22:47:02', 'Api Orders named cron 28.07.2023 04:17:02 was run on.'),
(47523, 'DripFeed', '2023-07-27 22:47:02', 'DripFeed named cron 28.07.2023 04:17:02 was run on.'),
(47524, 'Site Orders', '2023-07-27 22:48:02', 'Site Orders named cron 28.07.2023 04:18:02 was run on.'),
(47525, 'Sync', '2023-07-27 22:48:32', 'Sync named cron 28.07.2023 04:18:32 was run on.'),
(47526, 'Send Task', '2023-07-27 22:48:32', 'Send Task isimli cron 28.07.2023 04:18:32 tarihinde çalıştırılmıştır.'),
(47527, 'Balance Alert', '2023-07-27 22:48:34', 'Balance Alert isimli cron 28.07.2023 04:18:34 tarihinde çalıştırılmıştır.'),
(47528, 'Api Orders', '2023-07-27 22:49:02', 'Api Orders named cron 28.07.2023 04:19:02 was run on.'),
(47529, 'DripFeed', '2023-07-27 22:49:02', 'DripFeed named cron 28.07.2023 04:19:02 was run on.'),
(47530, 'Api Orders', '2023-07-27 22:50:03', 'Api Orders named cron 28.07.2023 04:20:03 was run on.'),
(47531, 'Site Orders', '2023-07-27 22:50:03', 'Site Orders named cron 28.07.2023 04:20:03 was run on.'),
(47532, 'DripFeed', '2023-07-27 22:50:03', 'DripFeed named cron 28.07.2023 04:20:03 was run on.'),
(47533, 'Sync', '2023-07-27 22:50:35', 'Sync named cron 28.07.2023 04:20:35 was run on.'),
(47534, 'Api Orders', '2023-07-27 22:52:01', 'Api Orders named cron 28.07.2023 04:22:01 was run on.'),
(47535, 'DripFeed', '2023-07-27 22:52:01', 'DripFeed named cron 28.07.2023 04:22:01 was run on.'),
(47536, 'Api Orders', '2023-07-27 22:53:02', 'Api Orders named cron 28.07.2023 04:23:02 was run on.'),
(47537, 'Site Orders', '2023-07-27 22:53:02', 'Site Orders named cron 28.07.2023 04:23:02 was run on.'),
(47538, 'DripFeed', '2023-07-27 22:53:02', 'DripFeed named cron 28.07.2023 04:23:02 was run on.'),
(47539, 'Api Orders', '2023-07-27 22:55:03', 'Api Orders named cron 28.07.2023 04:25:03 was run on.'),
(47540, 'Site Orders', '2023-07-27 22:55:03', 'Site Orders named cron 28.07.2023 04:25:03 was run on.'),
(47541, 'DripFeed', '2023-07-27 22:55:03', 'DripFeed named cron 28.07.2023 04:25:03 was run on.'),
(47542, 'Api Orders', '2023-07-27 22:57:02', 'Api Orders named cron 28.07.2023 04:27:02 was run on.'),
(47543, 'DripFeed', '2023-07-27 22:57:02', 'DripFeed named cron 28.07.2023 04:27:02 was run on.'),
(47544, 'Site Orders', '2023-07-27 22:58:02', 'Site Orders named cron 28.07.2023 04:28:02 was run on.'),
(47545, 'Api Orders', '2023-07-27 22:59:02', 'Api Orders named cron 28.07.2023 04:29:02 was run on.'),
(47546, 'DripFeed', '2023-07-27 22:59:02', 'DripFeed named cron 28.07.2023 04:29:02 was run on.'),
(47547, 'Sync', '2023-07-27 22:59:30', 'Sync named cron 28.07.2023 04:29:30 was run on.'),
(47548, 'Api Orders', '2023-07-27 23:00:04', 'Api Orders named cron 28.07.2023 04:30:04 was run on.'),
(47549, 'Site Orders', '2023-07-27 23:00:04', 'Site Orders named cron 28.07.2023 04:30:04 was run on.'),
(47550, 'DripFeed', '2023-07-27 23:00:04', 'DripFeed named cron 28.07.2023 04:30:04 was run on.'),
(47551, 'Api Orders', '2023-07-27 23:02:02', 'Api Orders named cron 28.07.2023 04:32:02 was run on.'),
(47552, 'DripFeed', '2023-07-27 23:02:02', 'DripFeed named cron 28.07.2023 04:32:02 was run on.'),
(47553, 'Sync', '2023-07-27 23:02:35', 'Sync named cron 28.07.2023 04:32:35 was run on.'),
(47554, 'Site Orders', '2023-07-27 23:03:02', 'Site Orders named cron 28.07.2023 04:33:02 was run on.'),
(47555, 'Api Orders', '2023-07-27 23:04:02', 'Api Orders named cron 28.07.2023 04:34:02 was run on.'),
(47556, 'DripFeed', '2023-07-27 23:04:02', 'DripFeed named cron 28.07.2023 04:34:02 was run on.'),
(47557, 'Api Orders', '2023-07-27 23:06:02', 'Api Orders named cron 28.07.2023 04:36:02 was run on.'),
(47558, 'Site Orders', '2023-07-27 23:06:02', 'Site Orders named cron 28.07.2023 04:36:02 was run on.'),
(47559, 'DripFeed', '2023-07-27 23:06:02', 'DripFeed named cron 28.07.2023 04:36:02 was run on.'),
(47560, 'Api Orders', '2023-07-27 23:08:02', 'Api Orders named cron 28.07.2023 04:38:02 was run on.'),
(47561, 'DripFeed', '2023-07-27 23:08:02', 'DripFeed named cron 28.07.2023 04:38:02 was run on.'),
(47562, 'Site Orders', '2023-07-27 23:09:01', 'Site Orders named cron 28.07.2023 04:39:01 was run on.'),
(47563, 'Api Orders', '2023-07-27 23:10:04', 'Api Orders named cron 28.07.2023 04:40:04 was run on.'),
(47564, 'DripFeed', '2023-07-27 23:10:04', 'DripFeed named cron 28.07.2023 04:40:04 was run on.'),
(47565, 'Sync', '2023-07-27 23:10:39', 'Sync named cron 28.07.2023 04:40:39 was run on.'),
(47566, 'Site Orders', '2023-07-27 23:11:02', 'Site Orders named cron 28.07.2023 04:41:02 was run on.'),
(47567, 'Api Orders', '2023-07-27 23:12:04', 'Api Orders named cron 28.07.2023 04:42:04 was run on.'),
(47568, 'DripFeed', '2023-07-27 23:12:04', 'DripFeed named cron 28.07.2023 04:42:04 was run on.'),
(47569, 'Sync', '2023-07-27 23:13:32', 'Sync named cron 28.07.2023 04:43:32 was run on.'),
(47570, 'Api Orders', '2023-07-27 23:14:02', 'Api Orders named cron 28.07.2023 04:44:02 was run on.'),
(47571, 'Site Orders', '2023-07-27 23:14:02', 'Site Orders named cron 28.07.2023 04:44:02 was run on.'),
(47572, 'DripFeed', '2023-07-27 23:14:02', 'DripFeed named cron 28.07.2023 04:44:02 was run on.'),
(47573, 'Api Orders', '2023-07-27 23:15:03', 'Api Orders named cron 28.07.2023 04:45:03 was run on.'),
(47574, 'DripFeed', '2023-07-27 23:15:03', 'DripFeed named cron 28.07.2023 04:45:03 was run on.'),
(47575, 'Api Orders', '2023-07-27 23:17:02', 'Api Orders named cron 28.07.2023 04:47:02 was run on.'),
(47576, 'Site Orders', '2023-07-27 23:17:02', 'Site Orders named cron 28.07.2023 04:47:02 was run on.'),
(47577, 'DripFeed', '2023-07-27 23:17:02', 'DripFeed named cron 28.07.2023 04:47:02 was run on.'),
(47578, 'Api Orders', '2023-07-27 23:19:02', 'Api Orders named cron 28.07.2023 04:49:02 was run on.'),
(47579, 'DripFeed', '2023-07-27 23:19:02', 'DripFeed named cron 28.07.2023 04:49:02 was run on.'),
(47580, 'Api Orders', '2023-07-27 23:20:03', 'Api Orders named cron 28.07.2023 04:50:03 was run on.'),
(47581, 'Site Orders', '2023-07-27 23:20:03', 'Site Orders named cron 28.07.2023 04:50:03 was run on.'),
(47582, 'DripFeed', '2023-07-27 23:20:03', 'DripFeed named cron 28.07.2023 04:50:03 was run on.'),
(47583, 'Sync', '2023-07-27 23:21:30', 'Sync named cron 28.07.2023 04:51:30 was run on.'),
(47584, 'Api Orders', '2023-07-27 23:22:02', 'Api Orders named cron 28.07.2023 04:52:02 was run on.'),
(47585, 'DripFeed', '2023-07-27 23:22:02', 'DripFeed named cron 28.07.2023 04:52:02 was run on.'),
(47586, 'Site Orders', '2023-07-27 23:23:01', 'Site Orders named cron 28.07.2023 04:53:01 was run on.'),
(47587, 'Api Orders', '2023-07-27 23:24:01', 'Api Orders named cron 28.07.2023 04:54:01 was run on.'),
(47588, 'DripFeed', '2023-07-27 23:24:01', 'DripFeed named cron 28.07.2023 04:54:01 was run on.'),
(47589, 'Sync', '2023-07-27 23:24:31', 'Sync named cron 28.07.2023 04:54:31 was run on.'),
(47590, 'Api Orders', '2023-07-27 23:25:02', 'Api Orders named cron 28.07.2023 04:55:02 was run on.'),
(47591, 'Site Orders', '2023-07-27 23:25:02', 'Site Orders named cron 28.07.2023 04:55:02 was run on.'),
(47592, 'DripFeed', '2023-07-27 23:25:02', 'DripFeed named cron 28.07.2023 04:55:02 was run on.'),
(47593, 'Api Orders', '2023-07-27 23:26:03', 'Api Orders named cron 28.07.2023 04:56:03 was run on.'),
(47594, 'DripFeed', '2023-07-27 23:26:03', 'DripFeed named cron 28.07.2023 04:56:03 was run on.'),
(47595, 'Api Orders', '2023-07-27 23:28:01', 'Api Orders named cron 28.07.2023 04:58:01 was run on.'),
(47596, 'Site Orders', '2023-07-27 23:28:01', 'Site Orders named cron 28.07.2023 04:58:01 was run on.'),
(47597, 'DripFeed', '2023-07-27 23:28:01', 'DripFeed named cron 28.07.2023 04:58:01 was run on.'),
(47598, 'Api Orders', '2023-07-27 23:29:02', 'Api Orders named cron 28.07.2023 04:59:02 was run on.'),
(47599, 'DripFeed', '2023-07-27 23:29:02', 'DripFeed named cron 28.07.2023 04:59:02 was run on.'),
(47600, 'Api Orders', '2023-07-27 23:30:04', 'Api Orders named cron 28.07.2023 05:00:04 was run on.'),
(47601, 'Site Orders', '2023-07-27 23:30:04', 'Site Orders named cron 28.07.2023 05:00:04 was run on.'),
(47602, 'DripFeed', '2023-07-27 23:30:04', 'DripFeed named cron 28.07.2023 05:00:04 was run on.'),
(47603, 'Api Orders', '2023-07-27 23:32:02', 'Api Orders named cron 28.07.2023 05:02:02 was run on.'),
(47604, 'DripFeed', '2023-07-27 23:32:02', 'DripFeed named cron 28.07.2023 05:02:02 was run on.'),
(47605, 'Site Orders', '2023-07-27 23:33:02', 'Site Orders named cron 28.07.2023 05:03:02 was run on.'),
(47606, 'Api Orders', '2023-07-27 23:34:02', 'Api Orders named cron 28.07.2023 05:04:02 was run on.'),
(47607, 'DripFeed', '2023-07-27 23:34:02', 'DripFeed named cron 28.07.2023 05:04:02 was run on.'),
(47608, 'Api Orders', '2023-07-27 23:36:02', 'Api Orders named cron 28.07.2023 05:06:02 was run on.'),
(47609, 'Site Orders', '2023-07-27 23:36:02', 'Site Orders named cron 28.07.2023 05:06:02 was run on.'),
(47610, 'DripFeed', '2023-07-27 23:36:02', 'DripFeed named cron 28.07.2023 05:06:02 was run on.'),
(47611, 'Sync', '2023-07-27 23:36:32', 'Sync named cron 28.07.2023 05:06:32 was run on.'),
(47612, 'Providers', '2023-07-27 23:36:46', 'Providers named cron 28.07.2023 05:06:46 was run on.'),
(47613, 'Send Task', '2023-07-27 23:36:46', 'Send Task isimli cron 28.07.2023 05:06:46 tarihinde çalıştırılmıştır.'),
(47614, 'Balance Alert', '2023-07-27 23:36:46', 'Balance Alert isimli cron 28.07.2023 05:06:46 tarihinde çalıştırılmıştır.'),
(47615, 'Api Orders', '2023-07-27 23:38:02', 'Api Orders named cron 28.07.2023 05:08:02 was run on.'),
(47616, 'DripFeed', '2023-07-27 23:38:02', 'DripFeed named cron 28.07.2023 05:08:02 was run on.'),
(47617, 'Sync', '2023-07-27 23:38:33', 'Sync named cron 28.07.2023 05:08:33 was run on.'),
(47618, 'Send Task', '2023-07-27 23:38:33', 'Send Task isimli cron 28.07.2023 05:08:33 tarihinde çalıştırılmıştır.'),
(47619, 'Balance Alert', '2023-07-27 23:38:34', 'Balance Alert isimli cron 28.07.2023 05:08:34 tarihinde çalıştırılmıştır.'),
(47620, 'Site Orders', '2023-07-27 23:39:01', 'Site Orders named cron 28.07.2023 05:09:01 was run on.'),
(47621, 'Api Orders', '2023-07-27 23:40:03', 'Api Orders named cron 28.07.2023 05:10:03 was run on.'),
(47622, 'DripFeed', '2023-07-27 23:40:03', 'DripFeed named cron 28.07.2023 05:10:03 was run on.'),
(47623, 'Site Orders', '2023-07-27 23:41:02', 'Site Orders named cron 28.07.2023 05:11:02 was run on.'),
(47624, 'Api Orders', '2023-07-27 23:42:02', 'Api Orders named cron 28.07.2023 05:12:02 was run on.'),
(47625, 'DripFeed', '2023-07-27 23:42:02', 'DripFeed named cron 28.07.2023 05:12:02 was run on.'),
(47626, 'Api Orders', '2023-07-27 23:44:02', 'Api Orders named cron 28.07.2023 05:14:02 was run on.'),
(47627, 'Site Orders', '2023-07-27 23:44:02', 'Site Orders named cron 28.07.2023 05:14:02 was run on.'),
(47628, 'DripFeed', '2023-07-27 23:44:02', 'DripFeed named cron 28.07.2023 05:14:02 was run on.'),
(47629, 'Api Orders', '2023-07-27 23:45:03', 'Api Orders named cron 28.07.2023 05:15:03 was run on.'),
(47630, 'DripFeed', '2023-07-27 23:45:03', 'DripFeed named cron 28.07.2023 05:15:03 was run on.'),
(47631, 'Api Orders', '2023-07-27 23:47:01', 'Api Orders named cron 28.07.2023 05:17:01 was run on.'),
(47632, 'Site Orders', '2023-07-27 23:47:01', 'Site Orders named cron 28.07.2023 05:17:01 was run on.'),
(47633, 'DripFeed', '2023-07-27 23:47:01', 'DripFeed named cron 28.07.2023 05:17:01 was run on.'),
(47634, 'Sync', '2023-07-27 23:47:29', 'Sync named cron 28.07.2023 05:17:29 was run on.'),
(47635, 'Send Task', '2023-07-27 23:47:29', 'Send Task isimli cron 28.07.2023 05:17:29 tarihinde çalıştırılmıştır.'),
(47636, 'Balance Alert', '2023-07-27 23:47:30', 'Balance Alert isimli cron 28.07.2023 05:17:30 tarihinde çalıştırılmıştır.'),
(47637, 'Api Orders', '2023-07-27 23:48:02', 'Api Orders named cron 28.07.2023 05:18:02 was run on.'),
(47638, 'DripFeed', '2023-07-27 23:48:02', 'DripFeed named cron 28.07.2023 05:18:02 was run on.'),
(47639, 'Sync', '2023-07-27 23:49:28', 'Sync named cron 28.07.2023 05:19:28 was run on.'),
(47640, 'Send Task', '2023-07-27 23:49:28', 'Send Task isimli cron 28.07.2023 05:19:28 tarihinde çalıştırılmıştır.'),
(47641, 'Balance Alert', '2023-07-27 23:49:29', 'Balance Alert isimli cron 28.07.2023 05:19:29 tarihinde çalıştırılmıştır.'),
(47642, 'Api Orders', '2023-07-27 23:50:03', 'Api Orders named cron 28.07.2023 05:20:03 was run on.'),
(47643, 'Site Orders', '2023-07-27 23:50:03', 'Site Orders named cron 28.07.2023 05:20:03 was run on.'),
(47644, 'DripFeed', '2023-07-27 23:50:03', 'DripFeed named cron 28.07.2023 05:20:03 was run on.'),
(47645, 'Sync', '2023-07-27 23:51:31', 'Sync named cron 28.07.2023 05:21:31 was run on.'),
(47646, 'Send Task', '2023-07-27 23:51:31', 'Send Task isimli cron 28.07.2023 05:21:31 tarihinde çalıştırılmıştır.'),
(47647, 'Balance Alert', '2023-07-27 23:51:32', 'Balance Alert isimli cron 28.07.2023 05:21:32 tarihinde çalıştırılmıştır.'),
(47648, 'Api Orders', '2023-07-27 23:52:01', 'Api Orders named cron 28.07.2023 05:22:01 was run on.'),
(47649, 'DripFeed', '2023-07-27 23:52:01', 'DripFeed named cron 28.07.2023 05:22:01 was run on.'),
(47650, 'Api Orders', '2023-07-27 23:53:02', 'Api Orders named cron 28.07.2023 05:23:02 was run on.'),
(47651, 'Site Orders', '2023-07-27 23:53:02', 'Site Orders named cron 28.07.2023 05:23:02 was run on.'),
(47652, 'DripFeed', '2023-07-27 23:53:02', 'DripFeed named cron 28.07.2023 05:23:02 was run on.'),
(47653, 'Api Orders', '2023-07-27 23:55:02', 'Api Orders named cron 28.07.2023 05:25:02 was run on.'),
(47654, 'DripFeed', '2023-07-27 23:55:02', 'DripFeed named cron 28.07.2023 05:25:02 was run on.'),
(47655, 'Site Orders', '2023-07-27 23:56:02', 'Site Orders named cron 28.07.2023 05:26:02 was run on.'),
(47656, 'Api Orders', '2023-07-27 23:57:02', 'Api Orders named cron 28.07.2023 05:27:02 was run on.'),
(47657, 'DripFeed', '2023-07-27 23:57:02', 'DripFeed named cron 28.07.2023 05:27:02 was run on.'),
(47658, 'Sync', '2023-07-27 23:57:33', 'Sync named cron 28.07.2023 05:27:33 was run on.'),
(47659, 'Api Orders', '2023-07-27 23:59:02', 'Api Orders named cron 28.07.2023 05:29:02 was run on.'),
(47660, 'Site Orders', '2023-07-27 23:59:02', 'Site Orders named cron 28.07.2023 05:29:02 was run on.'),
(47661, 'DripFeed', '2023-07-27 23:59:02', 'DripFeed named cron 28.07.2023 05:29:02 was run on.'),
(47662, 'Sync', '2023-07-27 23:59:33', 'Sync named cron 28.07.2023 05:29:33 was run on.'),
(47663, 'Api Orders', '2023-07-28 00:00:04', 'Api Orders named cron 28.07.2023 05:30:04 was run on.'),
(47664, 'DripFeed', '2023-07-28 00:00:04', 'DripFeed named cron 28.07.2023 05:30:04 was run on.'),
(47665, 'Api Orders', '2023-07-28 00:02:01', 'Api Orders named cron 28.07.2023 05:32:01 was run on.'),
(47666, 'Site Orders', '2023-07-28 00:02:01', 'Site Orders named cron 28.07.2023 05:32:01 was run on.'),
(47667, 'DripFeed', '2023-07-28 00:02:01', 'DripFeed named cron 28.07.2023 05:32:01 was run on.'),
(47668, 'Api Orders', '2023-07-28 00:04:01', 'Api Orders named cron 28.07.2023 05:34:01 was run on.'),
(47669, 'DripFeed', '2023-07-28 00:04:01', 'DripFeed named cron 28.07.2023 05:34:01 was run on.'),
(47670, 'Api Orders', '2023-07-28 00:05:02', 'Api Orders named cron 28.07.2023 05:35:02 was run on.'),
(47671, 'Site Orders', '2023-07-28 00:05:02', 'Site Orders named cron 28.07.2023 05:35:02 was run on.'),
(47672, 'DripFeed', '2023-07-28 00:05:02', 'DripFeed named cron 28.07.2023 05:35:02 was run on.'),
(47673, 'Api Orders', '2023-07-28 00:07:02', 'Api Orders named cron 28.07.2023 05:37:02 was run on.'),
(47674, 'DripFeed', '2023-07-28 00:07:02', 'DripFeed named cron 28.07.2023 05:37:02 was run on.'),
(47675, 'Site Orders', '2023-07-28 00:08:01', 'Site Orders named cron 28.07.2023 05:38:01 was run on.'),
(47676, 'Api Orders', '2023-07-28 00:09:01', 'Api Orders named cron 28.07.2023 05:39:01 was run on.'),
(47677, 'DripFeed', '2023-07-28 00:09:01', 'DripFeed named cron 28.07.2023 05:39:01 was run on.'),
(47678, 'Api Orders', '2023-07-28 00:10:02', 'Api Orders named cron 28.07.2023 05:40:02 was run on.'),
(47679, 'Site Orders', '2023-07-28 00:10:02', 'Site Orders named cron 28.07.2023 05:40:02 was run on.'),
(47680, 'DripFeed', '2023-07-28 00:10:02', 'DripFeed named cron 28.07.2023 05:40:02 was run on.'),
(47681, 'Api Orders', '2023-07-28 00:12:01', 'Api Orders named cron 28.07.2023 05:42:01 was run on.'),
(47682, 'DripFeed', '2023-07-28 00:12:01', 'DripFeed named cron 28.07.2023 05:42:01 was run on.'),
(47683, 'Api Orders', '2023-07-28 00:13:02', 'Api Orders named cron 28.07.2023 05:43:02 was run on.'),
(47684, 'Site Orders', '2023-07-28 00:13:02', 'Site Orders named cron 28.07.2023 05:43:02 was run on.'),
(47685, 'DripFeed', '2023-07-28 00:13:02', 'DripFeed named cron 28.07.2023 05:43:02 was run on.'),
(47686, 'Api Orders', '2023-07-28 00:15:04', 'Api Orders named cron 28.07.2023 05:45:04 was run on.'),
(47687, 'Site Orders', '2023-07-28 00:15:04', 'Site Orders named cron 28.07.2023 05:45:04 was run on.'),
(47688, 'DripFeed', '2023-07-28 00:15:04', 'DripFeed named cron 28.07.2023 05:45:04 was run on.'),
(47689, 'Api Orders', '2023-07-28 00:17:02', 'Api Orders named cron 28.07.2023 05:47:02 was run on.'),
(47690, 'DripFeed', '2023-07-28 00:17:02', 'DripFeed named cron 28.07.2023 05:47:02 was run on.'),
(47691, 'Site Orders', '2023-07-28 00:18:02', 'Site Orders named cron 28.07.2023 05:48:02 was run on.'),
(47692, 'Api Orders', '2023-07-28 00:19:02', 'Api Orders named cron 28.07.2023 05:49:02 was run on.'),
(47693, 'DripFeed', '2023-07-28 00:19:02', 'DripFeed named cron 28.07.2023 05:49:02 was run on.'),
(47694, 'Api Orders', '2023-07-28 00:20:03', 'Api Orders named cron 28.07.2023 05:50:03 was run on.'),
(47695, 'Site Orders', '2023-07-28 00:20:03', 'Site Orders named cron 28.07.2023 05:50:03 was run on.'),
(47696, 'DripFeed', '2023-07-28 00:20:03', 'DripFeed named cron 28.07.2023 05:50:03 was run on.'),
(47697, 'Api Orders', '2023-07-28 00:22:02', 'Api Orders named cron 28.07.2023 05:52:02 was run on.'),
(47698, 'DripFeed', '2023-07-28 00:22:02', 'DripFeed named cron 28.07.2023 05:52:02 was run on.'),
(47699, 'Site Orders', '2023-07-28 00:23:02', 'Site Orders named cron 28.07.2023 05:53:02 was run on.'),
(47700, 'Api Orders', '2023-07-28 00:24:02', 'Api Orders named cron 28.07.2023 05:54:02 was run on.'),
(47701, 'DripFeed', '2023-07-28 00:24:02', 'DripFeed named cron 28.07.2023 05:54:02 was run on.'),
(47702, 'Api Orders', '2023-07-28 00:26:01', 'Api Orders named cron 28.07.2023 05:56:01 was run on.'),
(47703, 'Site Orders', '2023-07-28 00:26:01', 'Site Orders named cron 28.07.2023 05:56:01 was run on.'),
(47704, 'DripFeed', '2023-07-28 00:26:01', 'DripFeed named cron 28.07.2023 05:56:01 was run on.'),
(47705, 'Api Orders', '2023-07-28 00:27:02', 'Api Orders named cron 28.07.2023 05:57:02 was run on.'),
(47706, 'DripFeed', '2023-07-28 00:27:02', 'DripFeed named cron 28.07.2023 05:57:02 was run on.'),
(47707, 'Site Orders', '2023-07-28 00:28:02', 'Site Orders named cron 28.07.2023 05:58:02 was run on.'),
(47708, 'Api Orders', '2023-07-28 00:29:02', 'Api Orders named cron 28.07.2023 05:59:02 was run on.'),
(47709, 'DripFeed', '2023-07-28 00:29:02', 'DripFeed named cron 28.07.2023 05:59:02 was run on.'),
(47710, 'Api Orders', '2023-07-28 00:30:03', 'Api Orders named cron 28.07.2023 06:00:03 was run on.'),
(47711, 'Site Orders', '2023-07-28 00:30:03', 'Site Orders named cron 28.07.2023 06:00:03 was run on.'),
(47712, 'DripFeed', '2023-07-28 00:30:03', 'DripFeed named cron 28.07.2023 06:00:03 was run on.'),
(47713, 'Api Orders', '2023-07-28 00:32:02', 'Api Orders named cron 28.07.2023 06:02:02 was run on.'),
(47714, 'DripFeed', '2023-07-28 00:32:02', 'DripFeed named cron 28.07.2023 06:02:02 was run on.'),
(47715, 'Site Orders', '2023-07-28 00:33:02', 'Site Orders named cron 28.07.2023 06:03:02 was run on.'),
(47716, 'Api Orders', '2023-07-28 00:34:02', 'Api Orders named cron 28.07.2023 06:04:02 was run on.'),
(47717, 'DripFeed', '2023-07-28 00:34:02', 'DripFeed named cron 28.07.2023 06:04:02 was run on.'),
(47718, 'Api Orders', '2023-07-28 00:36:01', 'Api Orders named cron 28.07.2023 06:06:01 was run on.'),
(47719, 'Site Orders', '2023-07-28 00:36:01', 'Site Orders named cron 28.07.2023 06:06:01 was run on.'),
(47720, 'DripFeed', '2023-07-28 00:36:01', 'DripFeed named cron 28.07.2023 06:06:01 was run on.'),
(47721, 'Api Orders', '2023-07-28 00:38:02', 'Api Orders named cron 28.07.2023 06:08:02 was run on.'),
(47722, 'Site Orders', '2023-07-28 00:38:02', 'Site Orders named cron 28.07.2023 06:08:02 was run on.'),
(47723, 'DripFeed', '2023-07-28 00:38:02', 'DripFeed named cron 28.07.2023 06:08:02 was run on.'),
(47724, 'Api Orders', '2023-07-28 00:40:03', 'Api Orders named cron 28.07.2023 06:10:03 was run on.'),
(47725, 'Site Orders', '2023-07-28 00:40:03', 'Site Orders named cron 28.07.2023 06:10:03 was run on.'),
(47726, 'DripFeed', '2023-07-28 00:40:03', 'DripFeed named cron 28.07.2023 06:10:03 was run on.'),
(47727, 'Api Orders', '2023-07-28 00:42:02', 'Api Orders named cron 28.07.2023 06:12:02 was run on.'),
(47728, 'DripFeed', '2023-07-28 00:42:02', 'DripFeed named cron 28.07.2023 06:12:02 was run on.'),
(47729, 'Site Orders', '2023-07-28 00:43:02', 'Site Orders named cron 28.07.2023 06:13:02 was run on.'),
(47730, 'Api Orders', '2023-07-28 00:44:01', 'Api Orders named cron 28.07.2023 06:14:01 was run on.'),
(47731, 'DripFeed', '2023-07-28 00:44:01', 'DripFeed named cron 28.07.2023 06:14:01 was run on.'),
(47732, 'Api Orders', '2023-07-28 00:45:03', 'Api Orders named cron 28.07.2023 06:15:03 was run on.'),
(47733, 'Site Orders', '2023-07-28 00:45:03', 'Site Orders named cron 28.07.2023 06:15:03 was run on.'),
(47734, 'DripFeed', '2023-07-28 00:45:03', 'DripFeed named cron 28.07.2023 06:15:03 was run on.'),
(47735, 'Api Orders', '2023-07-28 00:47:01', 'Api Orders named cron 28.07.2023 06:17:01 was run on.'),
(47736, 'DripFeed', '2023-07-28 00:47:01', 'DripFeed named cron 28.07.2023 06:17:01 was run on.'),
(47737, 'Api Orders', '2023-07-28 00:48:02', 'Api Orders named cron 28.07.2023 06:18:02 was run on.'),
(47738, 'Site Orders', '2023-07-28 00:48:02', 'Site Orders named cron 28.07.2023 06:18:02 was run on.'),
(47739, 'DripFeed', '2023-07-28 00:48:02', 'DripFeed named cron 28.07.2023 06:18:02 was run on.'),
(47740, 'Api Orders', '2023-07-28 00:50:03', 'Api Orders named cron 28.07.2023 06:20:03 was run on.'),
(47741, 'Site Orders', '2023-07-28 00:50:03', 'Site Orders named cron 28.07.2023 06:20:03 was run on.'),
(47742, 'DripFeed', '2023-07-28 00:50:03', 'DripFeed named cron 28.07.2023 06:20:03 was run on.'),
(47743, 'Api Orders', '2023-07-28 00:52:02', 'Api Orders named cron 28.07.2023 06:22:02 was run on.'),
(47744, 'DripFeed', '2023-07-28 00:52:02', 'DripFeed named cron 28.07.2023 06:22:02 was run on.'),
(47745, 'Site Orders', '2023-07-28 00:53:02', 'Site Orders named cron 28.07.2023 06:23:02 was run on.'),
(47746, 'Api Orders', '2023-07-28 00:54:02', 'Api Orders named cron 28.07.2023 06:24:02 was run on.'),
(47747, 'DripFeed', '2023-07-28 00:54:02', 'DripFeed named cron 28.07.2023 06:24:02 was run on.'),
(47748, 'Api Orders', '2023-07-28 00:55:03', 'Api Orders named cron 28.07.2023 06:25:03 was run on.'),
(47749, 'Site Orders', '2023-07-28 00:55:03', 'Site Orders named cron 28.07.2023 06:25:03 was run on.'),
(47750, 'DripFeed', '2023-07-28 00:55:03', 'DripFeed named cron 28.07.2023 06:25:03 was run on.'),
(47751, 'Api Orders', '2023-07-28 00:57:02', 'Api Orders named cron 28.07.2023 06:27:02 was run on.'),
(47752, 'DripFeed', '2023-07-28 00:57:02', 'DripFeed named cron 28.07.2023 06:27:02 was run on.'),
(47753, 'Site Orders', '2023-07-28 00:58:01', 'Site Orders named cron 28.07.2023 06:28:01 was run on.'),
(47754, 'Api Orders', '2023-07-28 00:59:02', 'Api Orders named cron 28.07.2023 06:29:02 was run on.'),
(47755, 'DripFeed', '2023-07-28 00:59:02', 'DripFeed named cron 28.07.2023 06:29:02 was run on.'),
(47756, 'Api Orders', '2023-07-28 01:00:05', 'Api Orders named cron 28.07.2023 06:30:05 was run on.'),
(47757, 'Site Orders', '2023-07-28 01:00:05', 'Site Orders named cron 28.07.2023 06:30:05 was run on.'),
(47758, 'DripFeed', '2023-07-28 01:00:05', 'DripFeed named cron 28.07.2023 06:30:05 was run on.'),
(47759, 'Api Orders', '2023-07-28 01:02:01', 'Api Orders named cron 28.07.2023 06:32:01 was run on.'),
(47760, 'DripFeed', '2023-07-28 01:02:01', 'DripFeed named cron 28.07.2023 06:32:01 was run on.'),
(47761, 'Api Orders', '2023-07-28 01:03:02', 'Api Orders named cron 28.07.2023 06:33:02 was run on.'),
(47762, 'Site Orders', '2023-07-28 01:03:02', 'Site Orders named cron 28.07.2023 06:33:02 was run on.'),
(47763, 'DripFeed', '2023-07-28 01:03:02', 'DripFeed named cron 28.07.2023 06:33:02 was run on.'),
(47764, 'Api Orders', '2023-07-28 01:05:03', 'Api Orders named cron 28.07.2023 06:35:03 was run on.'),
(47765, 'Site Orders', '2023-07-28 01:05:03', 'Site Orders named cron 28.07.2023 06:35:03 was run on.'),
(47766, 'DripFeed', '2023-07-28 01:05:03', 'DripFeed named cron 28.07.2023 06:35:03 was run on.'),
(47767, 'Api Orders', '2023-07-28 01:07:02', 'Api Orders named cron 28.07.2023 06:37:02 was run on.'),
(47768, 'DripFeed', '2023-07-28 01:07:02', 'DripFeed named cron 28.07.2023 06:37:02 was run on.'),
(47769, 'Site Orders', '2023-07-28 01:08:02', 'Site Orders named cron 28.07.2023 06:38:02 was run on.'),
(47770, 'Api Orders', '2023-07-28 01:09:02', 'Api Orders named cron 28.07.2023 06:39:02 was run on.'),
(47771, 'DripFeed', '2023-07-28 01:09:02', 'DripFeed named cron 28.07.2023 06:39:02 was run on.'),
(47772, 'Api Orders', '2023-07-28 01:10:03', 'Api Orders named cron 28.07.2023 06:40:03 was run on.'),
(47773, 'Site Orders', '2023-07-28 01:10:03', 'Site Orders named cron 28.07.2023 06:40:03 was run on.'),
(47774, 'DripFeed', '2023-07-28 01:10:03', 'DripFeed named cron 28.07.2023 06:40:03 was run on.'),
(47775, 'Api Orders', '2023-07-28 01:12:02', 'Api Orders named cron 28.07.2023 06:42:02 was run on.'),
(47776, 'DripFeed', '2023-07-28 01:12:02', 'DripFeed named cron 28.07.2023 06:42:02 was run on.'),
(47777, 'Site Orders', '2023-07-28 01:13:02', 'Site Orders named cron 28.07.2023 06:43:02 was run on.'),
(47778, 'Api Orders', '2023-07-28 01:14:02', 'Api Orders named cron 28.07.2023 06:44:02 was run on.'),
(47779, 'DripFeed', '2023-07-28 01:14:02', 'DripFeed named cron 28.07.2023 06:44:02 was run on.'),
(47780, 'Api Orders', '2023-07-28 01:15:04', 'Api Orders named cron 28.07.2023 06:45:04 was run on.'),
(47781, 'Site Orders', '2023-07-28 01:15:04', 'Site Orders named cron 28.07.2023 06:45:04 was run on.'),
(47782, 'DripFeed', '2023-07-28 01:15:04', 'DripFeed named cron 28.07.2023 06:45:04 was run on.'),
(47783, 'Api Orders', '2023-07-28 01:17:01', 'Api Orders named cron 28.07.2023 06:47:01 was run on.'),
(47784, 'DripFeed', '2023-07-28 01:17:01', 'DripFeed named cron 28.07.2023 06:47:01 was run on.'),
(47785, 'Api Orders', '2023-07-28 01:18:02', 'Api Orders named cron 28.07.2023 06:48:02 was run on.'),
(47786, 'Site Orders', '2023-07-28 01:18:02', 'Site Orders named cron 28.07.2023 06:48:02 was run on.'),
(47787, 'DripFeed', '2023-07-28 01:18:02', 'DripFeed named cron 28.07.2023 06:48:02 was run on.'),
(47788, 'Api Orders', '2023-07-28 01:20:03', 'Api Orders named cron 28.07.2023 06:50:03 was run on.'),
(47789, 'Site Orders', '2023-07-28 01:20:03', 'Site Orders named cron 28.07.2023 06:50:03 was run on.'),
(47790, 'DripFeed', '2023-07-28 01:20:03', 'DripFeed named cron 28.07.2023 06:50:03 was run on.'),
(47791, 'Api Orders', '2023-07-28 01:22:01', 'Api Orders named cron 28.07.2023 06:52:01 was run on.'),
(47792, 'DripFeed', '2023-07-28 01:22:01', 'DripFeed named cron 28.07.2023 06:52:01 was run on.'),
(47793, 'Api Orders', '2023-07-28 01:23:02', 'Api Orders named cron 28.07.2023 06:53:02 was run on.'),
(47794, 'Site Orders', '2023-07-28 01:23:02', 'Site Orders named cron 28.07.2023 06:53:02 was run on.'),
(47795, 'DripFeed', '2023-07-28 01:23:02', 'DripFeed named cron 28.07.2023 06:53:02 was run on.'),
(47796, 'Api Orders', '2023-07-28 01:25:03', 'Api Orders named cron 28.07.2023 06:55:03 was run on.'),
(47797, 'Site Orders', '2023-07-28 01:25:03', 'Site Orders named cron 28.07.2023 06:55:03 was run on.'),
(47798, 'DripFeed', '2023-07-28 01:25:03', 'DripFeed named cron 28.07.2023 06:55:03 was run on.'),
(47799, 'Api Orders', '2023-07-28 01:27:03', 'Api Orders named cron 28.07.2023 06:57:03 was run on.'),
(47800, 'DripFeed', '2023-07-28 01:27:03', 'DripFeed named cron 28.07.2023 06:57:03 was run on.'),
(47801, 'Site Orders', '2023-07-28 01:28:02', 'Site Orders named cron 28.07.2023 06:58:02 was run on.'),
(47802, 'Api Orders', '2023-07-28 01:29:02', 'Api Orders named cron 28.07.2023 06:59:02 was run on.'),
(47803, 'DripFeed', '2023-07-28 01:29:02', 'DripFeed named cron 28.07.2023 06:59:02 was run on.'),
(47804, 'Api Orders', '2023-07-28 01:30:04', 'Api Orders named cron 28.07.2023 07:00:04 was run on.'),
(47805, 'Site Orders', '2023-07-28 01:30:04', 'Site Orders named cron 28.07.2023 07:00:04 was run on.'),
(47806, 'DripFeed', '2023-07-28 01:30:04', 'DripFeed named cron 28.07.2023 07:00:04 was run on.'),
(47807, 'Api Orders', '2023-07-28 01:32:02', 'Api Orders named cron 28.07.2023 07:02:02 was run on.'),
(47808, 'DripFeed', '2023-07-28 01:32:02', 'DripFeed named cron 28.07.2023 07:02:02 was run on.'),
(47809, 'Site Orders', '2023-07-28 01:33:02', 'Site Orders named cron 28.07.2023 07:03:02 was run on.'),
(47810, 'Api Orders', '2023-07-28 01:34:01', 'Api Orders named cron 28.07.2023 07:04:01 was run on.'),
(47811, 'DripFeed', '2023-07-28 01:34:01', 'DripFeed named cron 28.07.2023 07:04:01 was run on.'),
(47812, 'Api Orders', '2023-07-28 01:35:02', 'Api Orders named cron 28.07.2023 07:05:02 was run on.'),
(47813, 'DripFeed', '2023-07-28 01:35:02', 'DripFeed named cron 28.07.2023 07:05:02 was run on.'),
(47814, 'Site Orders', '2023-07-28 01:36:01', 'Site Orders named cron 28.07.2023 07:06:01 was run on.'),
(47815, 'Api Orders', '2023-07-28 01:37:02', 'Api Orders named cron 28.07.2023 07:07:02 was run on.'),
(47816, 'DripFeed', '2023-07-28 01:37:02', 'DripFeed named cron 28.07.2023 07:07:02 was run on.'),
(47817, 'Site Orders', '2023-07-28 01:38:02', 'Site Orders named cron 28.07.2023 07:08:02 was run on.'),
(47818, 'Api Orders', '2023-07-28 01:39:02', 'Api Orders named cron 28.07.2023 07:09:02 was run on.'),
(47819, 'DripFeed', '2023-07-28 01:39:02', 'DripFeed named cron 28.07.2023 07:09:02 was run on.'),
(47820, 'Api Orders', '2023-07-28 01:40:03', 'Api Orders named cron 28.07.2023 07:10:03 was run on.'),
(47821, 'Site Orders', '2023-07-28 01:40:03', 'Site Orders named cron 28.07.2023 07:10:03 was run on.'),
(47822, 'DripFeed', '2023-07-28 01:40:03', 'DripFeed named cron 28.07.2023 07:10:03 was run on.'),
(47823, 'Api Orders', '2023-07-28 01:42:02', 'Api Orders named cron 28.07.2023 07:12:02 was run on.'),
(47824, 'DripFeed', '2023-07-28 01:42:02', 'DripFeed named cron 28.07.2023 07:12:02 was run on.'),
(47825, 'Site Orders', '2023-07-28 01:43:01', 'Site Orders named cron 28.07.2023 07:13:01 was run on.'),
(47826, 'Api Orders', '2023-07-28 01:44:03', 'Api Orders named cron 28.07.2023 07:14:03 was run on.'),
(47827, 'DripFeed', '2023-07-28 01:44:03', 'DripFeed named cron 28.07.2023 07:14:03 was run on.'),
(47828, 'Api Orders', '2023-07-28 01:45:04', 'Api Orders named cron 28.07.2023 07:15:04 was run on.'),
(47829, 'Site Orders', '2023-07-28 01:45:04', 'Site Orders named cron 28.07.2023 07:15:04 was run on.'),
(47830, 'DripFeed', '2023-07-28 01:45:04', 'DripFeed named cron 28.07.2023 07:15:04 was run on.'),
(47831, 'Api Orders', '2023-07-28 01:47:03', 'Api Orders named cron 28.07.2023 07:17:03 was run on.'),
(47832, 'DripFeed', '2023-07-28 01:47:03', 'DripFeed named cron 28.07.2023 07:17:03 was run on.'),
(47833, 'Site Orders', '2023-07-28 01:48:02', 'Site Orders named cron 28.07.2023 07:18:02 was run on.'),
(47834, 'Api Orders', '2023-07-28 01:49:01', 'Api Orders named cron 28.07.2023 07:19:01 was run on.'),
(47835, 'DripFeed', '2023-07-28 01:49:01', 'DripFeed named cron 28.07.2023 07:19:01 was run on.'),
(47836, 'Api Orders', '2023-07-28 01:50:05', 'Api Orders named cron 28.07.2023 07:20:05 was run on.'),
(47837, 'Site Orders', '2023-07-28 01:50:05', 'Site Orders named cron 28.07.2023 07:20:05 was run on.'),
(47838, 'DripFeed', '2023-07-28 01:50:05', 'DripFeed named cron 28.07.2023 07:20:05 was run on.'),
(47839, 'Api Orders', '2023-07-28 01:52:02', 'Api Orders named cron 28.07.2023 07:22:02 was run on.'),
(47840, 'DripFeed', '2023-07-28 01:52:02', 'DripFeed named cron 28.07.2023 07:22:02 was run on.'),
(47841, 'Site Orders', '2023-07-28 01:53:02', 'Site Orders named cron 28.07.2023 07:23:02 was run on.'),
(47842, 'Api Orders', '2023-07-28 01:54:01', 'Api Orders named cron 28.07.2023 07:24:01 was run on.'),
(47843, 'DripFeed', '2023-07-28 01:54:01', 'DripFeed named cron 28.07.2023 07:24:01 was run on.'),
(47844, 'Api Orders', '2023-07-28 01:55:02', 'Api Orders named cron 28.07.2023 07:25:02 was run on.'),
(47845, 'DripFeed', '2023-07-28 01:55:02', 'DripFeed named cron 28.07.2023 07:25:02 was run on.'),
(47846, 'Api Orders', '2023-07-28 01:56:03', 'Api Orders named cron 28.07.2023 07:26:03 was run on.'),
(47847, 'Site Orders', '2023-07-28 01:56:03', 'Site Orders named cron 28.07.2023 07:26:03 was run on.'),
(47848, 'DripFeed', '2023-07-28 01:56:03', 'DripFeed named cron 28.07.2023 07:26:03 was run on.'),
(47849, 'Api Orders', '2023-07-28 01:58:02', 'Api Orders named cron 28.07.2023 07:28:02 was run on.'),
(47850, 'DripFeed', '2023-07-28 01:58:02', 'DripFeed named cron 28.07.2023 07:28:02 was run on.'),
(47851, 'Site Orders', '2023-07-28 01:59:02', 'Site Orders named cron 28.07.2023 07:29:02 was run on.'),
(47852, 'Api Orders', '2023-07-28 02:00:03', 'Api Orders named cron 28.07.2023 07:30:03 was run on.'),
(47853, 'DripFeed', '2023-07-28 02:00:03', 'DripFeed named cron 28.07.2023 07:30:03 was run on.'),
(47854, 'Api Orders', '2023-07-28 02:02:02', 'Api Orders named cron 28.07.2023 07:32:02 was run on.'),
(47855, 'Site Orders', '2023-07-28 02:02:02', 'Site Orders named cron 28.07.2023 07:32:02 was run on.'),
(47856, 'DripFeed', '2023-07-28 02:02:02', 'DripFeed named cron 28.07.2023 07:32:02 was run on.'),
(47857, 'Api Orders', '2023-07-28 02:04:02', 'Api Orders named cron 28.07.2023 07:34:02 was run on.'),
(47858, 'DripFeed', '2023-07-28 02:04:02', 'DripFeed named cron 28.07.2023 07:34:02 was run on.');
INSERT INTO `crons_report` (`crons_id`, `crons_service_name`, `crons_date`, `crons_detail`) VALUES
(47859, 'Site Orders', '2023-07-28 02:05:02', 'Site Orders named cron 28.07.2023 07:35:02 was run on.');

-- --------------------------------------------------------

--
-- Table structure for table `files`
--

CREATE TABLE `files` (
  `id` int(11) NOT NULL,
  `link` text DEFAULT NULL,
  `date` datetime NOT NULL
) ENGINE=InnoDB DEFAULT CHARSET=utf8mb3 COLLATE=utf8mb3_general_ci;

-- --------------------------------------------------------

--
-- Table structure for table `guard_log`
--

CREATE TABLE `guard_log` (
  `id` int(11) NOT NULL,
  `client_id` int(11) NOT NULL,
  `action` varchar(225) NOT NULL,
  `date` varchar(225) NOT NULL,
  `ip` text NOT NULL
) ENGINE=InnoDB DEFAULT CHARSET=utf8mb3 COLLATE=utf8mb3_general_ci;

--
-- Dumping data for table `guard_log`
--

INSERT INTO `guard_log` (`id`, `client_id`, `action`, `date`, `ip`) VALUES
(4, 1, '<strong>Yetki Verme</strong> Member session has been terminated because the transaction has been completed.', '2023-03-07 08:59:40', '223.233.125.58'),
(5, 1, '<strong>Yetki Verme</strong> Member session has been terminated because the transaction has been completed.', '2023-03-07 19:09:22', '47.29.173.4');

-- --------------------------------------------------------

--
-- Table structure for table `integrations`
--

CREATE TABLE `integrations` (
  `id` int(11) NOT NULL,
  `name` varchar(225) NOT NULL,
  `description` varchar(225) NOT NULL,
  `icon_url` varchar(225) NOT NULL,
  `code` text NOT NULL,
  `visibility` int(11) NOT NULL,
  `status` int(11) NOT NULL DEFAULT 1
) ENGINE=InnoDB DEFAULT CHARSET=utf8mb3 COLLATE=utf8mb3_general_ci;

--
-- Dumping data for table `integrations`
--

INSERT INTO `integrations` (`id`, `name`, `description`, `icon_url`, `code`, `visibility`, `status`) VALUES
(1, 'Beamer', 'Announce updates and get feedback with in-app notification center, widgets and changelog', '/img/integrations/Beamer.svg', '', 1, 1),
(2, 'Getsitecontrol', 'It helps you prevent website visitors from leaving your website without taking any action.', '/img/integrations/Getsitecontrol.svg', '', 1, 1),
(3, 'Google Analytics', 'Statistics and basic analytical tools for search engine optimization (SEO) and marketing purposes', '/img/integrations/Google%20Analytics.svg', '', 1, 1),
(4, 'Google Tag manager', 'Manage all your website tags without editing the code using simple tag management solutions', '/img/integrations/Google%20Tag%20manager.svg', '', 1, 1),
(5, 'JivoChat', 'All-in-one business messenger to talk to customers: live chat, phone, email and social', '/img/integrations/JivoChat.svg', '', 1, 1),
(6, 'Onesignal', 'Leader in customer engagement, empowers mobile push, web push, email, in-app messages', '/img/integrations/Onesignal.svg', '', 1, 1),
(7, 'Push alert', 'Increase reach, revenue, retarget users with Push Notifications on desktop and mobile', '/img/integrations/Push%20alert.svg', '', 1, 1),
(8, 'Smartsupp', 'Live chat, email inbox and Facebook Messenger in one customer messaging platform', '/img/integrations/Smartsupp.svg', '', 1, 1),
(9, 'Tawk.to', 'Track and chat with visitors on your website, mobile app or a free customizable page', '/img/integrations/Tawk.to.svg', '', 1, 1),
(10, 'Tidio', 'Communicator for businesses that keep live chat, chatbots, Messenger and email in one place', '/img/integrations/Tidio.svg', '', 1, 1),
(11, 'Zendesk Chat', 'Helps respond quickly to customer questions, reduce wait times and increase sales', '/img/integrations/Zendesk%20Chat.svg', '', 1, 1),
(12, 'Getbutton.io', 'Chat with website visitors through popular messaging apps. Whatsapp, messenger etc. contact button.', '/img/integrations/Getbutton.svg', '', 1, 1),
(13, 'Google reCAPTCHA v2', 'It uses an advanced risk analysis engine and adaptive challenges to prevent malware from engaging in abusive activities on your website.', '/img/integrations/reCAPTCHA.svg', '', 1, 1),
(14, 'SEO Ayarlamaları', 'Search Engine Optimization (SEO) is the name given to all the work done to make websites perform better in search engines.', '/img/integrations/Seo settings.png', '', 1, 2);

-- --------------------------------------------------------

--
-- Table structure for table `languages`
--

CREATE TABLE `languages` (
  `id` int(11) NOT NULL,
  `language_name` varchar(225) NOT NULL,
  `language_code` varchar(225) NOT NULL,
  `language_type` enum('2','1') NOT NULL DEFAULT '2',
  `default_language` enum('0','1') NOT NULL DEFAULT '0'
) ENGINE=InnoDB DEFAULT CHARSET=utf8mb3 COLLATE=utf8mb3_general_ci;

--
-- Dumping data for table `languages`
--

INSERT INTO `languages` (`id`, `language_name`, `language_code`, `language_type`, `default_language`) VALUES
(1, 'English', 'en', '2', '1');

-- --------------------------------------------------------

--
-- Table structure for table `menu`
--

CREATE TABLE `menu` (
  `id` int(11) NOT NULL,
  `name` varchar(225) CHARACTER SET utf8mb3 COLLATE utf8mb3_general_ci NOT NULL,
  `tag` varchar(225) CHARACTER SET utf8mb3 COLLATE utf8mb3_general_ci NOT NULL,
  `status` int(11) NOT NULL,
  `public` int(11) NOT NULL,
  `edit` int(11) NOT NULL
) ENGINE=InnoDB DEFAULT CHARSET=latin1 COLLATE=latin1_swedish_ci;

--
-- Dumping data for table `menu`
--

INSERT INTO `menu` (`id`, `name`, `tag`, `status`, `public`, `edit`) VALUES
(2, 'API', 'api', 2, 2, 0),
(3, 'user agreement', 'terms', 2, 2, 0),
(4, 'Frequently Asked Questions', 'faq', 2, 2, 0),
(5, 'Blog <span class=\"fa fa-info-circle\" data-toggle=\"tooltip\" data-placement=\"top\"></span>', 'blog', 2, 2, 0),
(6, 'Sign In', '/', 2, 2, 0);

-- --------------------------------------------------------

--
-- Table structure for table `modules`
--

CREATE TABLE `modules` (
  `id` int(11) NOT NULL,
  `name` text NOT NULL,
  `description` text NOT NULL,
  `ajax_name` text NOT NULL,
  `status` int(11) NOT NULL DEFAULT 2,
  `mod_sec` int(11) NOT NULL DEFAULT 1
) ENGINE=InnoDB DEFAULT CHARSET=utf8mb3 COLLATE=utf8mb3_general_ci;

--
-- Dumping data for table `modules`
--

INSERT INTO `modules` (`id`, `name`, `description`, `ajax_name`, `status`, `mod_sec`) VALUES
(1, 'Reference System', 'Existing users invite new users and receive commissions on all their payments. Users can request payment when they reach the minimum payment.', 'module_ref', 2, 1),
(2, 'Child Panels', 'A panel with limited features that can only pull APIs from you. Users can order child panels from your panel.', 'module_child', 2, 1),
(3, 'Free Balance', 'One-time free automatic balance for newly registered members.', 'module_balance', 1, 1),
(4, 'Support System', 'The canned answers you enter in the headings you add are automatically sent to customers who create new support requests.', '', 2, 1),
(6, 'Guard', '24/7 Maximum security, limit all activities! 100% protection against attacks.', 'module_guard', 1, 2),
(7, 'Cache', 'It is aimed to create a more efficient system that increases the site speed by reducing the resource consumption of the site.', 'module_cache', 2, 1);

-- --------------------------------------------------------

--
-- Table structure for table `news`
--

CREATE TABLE `news` (
  `id` int(11) NOT NULL,
  `news_icon` varchar(225) NOT NULL,
  `news_title` varchar(225) NOT NULL,
  `news_content` varchar(225) NOT NULL,
  `news_date` datetime NOT NULL
) ENGINE=InnoDB DEFAULT CHARSET=utf8mb3 COLLATE=utf8mb3_general_ci;

-- --------------------------------------------------------

--
-- Table structure for table `notifications_popup`
--

CREATE TABLE `notifications_popup` (
  `id` int(11) NOT NULL,
  `title` text CHARACTER SET utf8mb4 COLLATE utf8mb4_bin NOT NULL,
  `action_link` text NOT NULL,
  `isAllPage` enum('0','1') NOT NULL DEFAULT '0',
  `isAllUser` enum('1','0') NOT NULL DEFAULT '0',
  `expiry_date` date NOT NULL,
  `status` enum('1','2','0') NOT NULL DEFAULT '1',
  `allPages` varchar(225) NOT NULL,
  `description` text CHARACTER SET utf8mb4 COLLATE utf8mb4_bin NOT NULL,
  `action_text` text CHARACTER SET utf8mb4 COLLATE utf8mb4_bin NOT NULL
) ENGINE=InnoDB DEFAULT CHARSET=utf8mb3 COLLATE=utf8mb3_general_ci;

--
-- Dumping data for table `notifications_popup`
--

INSERT INTO `notifications_popup` (`id`, `title`, `action_link`, `isAllPage`, `isAllUser`, `expiry_date`, `status`, `allPages`, `description`, `action_text`) VALUES
(5, ' Title Title Title', '', '1', '0', '2024-01-01', '1', 'null', '  <p style=\"text-align: center; \"><img src=\"https://i.imgur.com/XC4qOBl.png\" style=\"width: 150.8px; height: 150.8px;\"></p><h3 style=\"text-align: center; \"><b>Hello Buddies. We Are Back</b></h3>  ', ''),
(7, 'Need This script.', '', '1', '0', '2024-12-29', '1', 'null', '        <h3 style=\"text-align: center; \"><b>Need This Script Just Message Us On Telegram</b></h3><h3 style=\"text-align: center; \"><b>Click Here  </b><img src=\"https://play-lh.googleusercontent.com/ZU9cSsyIJZo6Oy7HTHiEPwZg0m2Crep-d5ZrfajqtsH-qgUXSqKpNA2FpPDTn-7qA5Q\" style=\"width: 22.5214px; height: 22.5214px;\"></h3><h4 style=\"text-align: center;\"><b><font color=\"#0000ff\">Price - 1990 ₹</font></b></h4>        ', '');

-- --------------------------------------------------------

--
-- Table structure for table `orders`
--

CREATE TABLE `orders` (
  `order_id` int(11) NOT NULL,
  `client_id` int(11) NOT NULL,
  `service_id` int(11) NOT NULL,
  `api_orderid` int(11) NOT NULL DEFAULT 0,
  `order_error` text NOT NULL,
  `order_detail` text NOT NULL,
  `order_api` int(11) NOT NULL DEFAULT 0,
  `api_serviceid` int(11) NOT NULL DEFAULT 0,
  `api_charge` double DEFAULT NULL,
  `api_currencycharge` double NOT NULL DEFAULT 1,
  `order_profit` double NOT NULL,
  `order_quantity` double NOT NULL,
  `order_extras` text NOT NULL,
  `order_charge` double DEFAULT NULL,
  `dripfeed` enum('1','2','3') DEFAULT '1' COMMENT '2 -> ON, 1 -> OFF',
  `dripfeed_id` double NOT NULL DEFAULT 0,
  `subscriptions_id` double NOT NULL DEFAULT 0,
  `subscriptions_type` enum('1','2') NOT NULL DEFAULT '1' COMMENT '2 -> ON, 1 -> OFF',
  `dripfeed_totalcharges` double DEFAULT NULL,
  `dripfeed_runs` double DEFAULT NULL,
  `dripfeed_delivery` double NOT NULL DEFAULT 0,
  `dripfeed_interval` double DEFAULT NULL,
  `dripfeed_totalquantity` double DEFAULT NULL,
  `dripfeed_status` enum('active','completed','canceled') NOT NULL DEFAULT 'active',
  `order_url` text NOT NULL,
  `order_start` double NOT NULL DEFAULT 0,
  `order_finish` double NOT NULL DEFAULT 0,
  `order_remains` double NOT NULL DEFAULT 0,
  `order_create` datetime NOT NULL,
  `order_status` enum('pending','inprogress','completed','partial','processing','canceled') NOT NULL DEFAULT 'pending',
  `subscriptions_status` enum('active','paused','completed','canceled','expired','limit') NOT NULL DEFAULT 'active',
  `subscriptions_username` text DEFAULT NULL,
  `subscriptions_posts` double DEFAULT NULL,
  `subscriptions_delivery` double NOT NULL DEFAULT 0,
  `subscriptions_delay` double DEFAULT NULL,
  `subscriptions_min` double DEFAULT NULL,
  `subscriptions_max` double DEFAULT NULL,
  `subscriptions_expiry` date DEFAULT NULL,
  `last_check` datetime NOT NULL,
  `order_where` enum('site','api') NOT NULL DEFAULT 'site'
) ENGINE=InnoDB DEFAULT CHARSET=utf8mb3 COLLATE=utf8mb3_general_ci;

--
-- Dumping data for table `orders`
--

INSERT INTO `orders` (`order_id`, `client_id`, `service_id`, `api_orderid`, `order_error`, `order_detail`, `order_api`, `api_serviceid`, `api_charge`, `api_currencycharge`, `order_profit`, `order_quantity`, `order_extras`, `order_charge`, `dripfeed`, `dripfeed_id`, `subscriptions_id`, `subscriptions_type`, `dripfeed_totalcharges`, `dripfeed_runs`, `dripfeed_delivery`, `dripfeed_interval`, `dripfeed_totalquantity`, `dripfeed_status`, `order_url`, `order_start`, `order_finish`, `order_remains`, `order_create`, `order_status`, `subscriptions_status`, `subscriptions_username`, `subscriptions_posts`, `subscriptions_delivery`, `subscriptions_delay`, `subscriptions_min`, `subscriptions_max`, `subscriptions_expiry`, `last_check`, `order_where`) VALUES
(1, 1, 9, 310905, '-', '{\"charge\":\"0\",\"start_count\":\"0\",\"status\":\"Canceled\",\"remains\":\"100\",\"currency\":\"INR\"}', 1, 6469, 0, 1, 0, 100, '', 0, '1', 0, 0, '1', NULL, NULL, 0, NULL, NULL, 'active', 'Fkfkfkfckc', 0, 0, 100, '2023-02-08 20:46:06', 'canceled', 'active', '', 0, 0, 0, 0, 0, '1970-01-01', '2023-02-21 15:27:27', 'site'),
(2, 1, 9, 0, '-', '{\"error\":\"Service not found or inactive\",\"status\":\"105\"}', 1, 6469, 0, 1, 0, 0, '', 0, '1', 0, 0, '1', NULL, NULL, 0, NULL, NULL, 'active', 'Jfjfjfjc', 0, 0, 100, '2023-02-19 21:13:52', 'canceled', 'active', '', 0, 0, 0, 0, 0, '1970-01-01', '2023-02-19 21:13:52', 'site'),
(3, 1, 8, 314108, '-', '{\"charge\":\"0\",\"start_count\":\"0\",\"status\":\"Canceled\",\"remains\":\"100\",\"currency\":\"INR\"}', 1, 6368, 0, 1, 0, 100, '', 0, '1', 0, 0, '1', NULL, NULL, 0, NULL, NULL, 'active', 'Cjfjcjfjc', 0, 0, 100, '2023-02-19 21:15:01', 'canceled', 'active', '', 0, 0, 0, 0, 0, '1970-01-01', '2023-02-21 15:27:28', 'site'),
(4, 1, 8, 314109, '-', '{\"charge\":\"0\",\"start_count\":\"0\",\"status\":\"Canceled\",\"remains\":\"100\",\"currency\":\"INR\"}', 1, 6368, 0, 1, 0, 100, '', 0, '1', 0, 0, '1', NULL, NULL, 0, NULL, NULL, 'active', 'Ckckck', 0, 0, 100, '2023-02-19 21:16:15', 'canceled', 'active', '', 0, 0, 0, 0, 0, '1970-01-01', '2023-02-21 15:27:28', 'site'),
(5, 48, 127, 2026066, '-', '{\"order\":2026066}', 5, 288, 0, 1, 0, 0, '', 0, '1', 0, 0, '1', NULL, NULL, 0, NULL, NULL, 'active', 'https://www.instagram.com/reel/Coo9PQHjLuT/?igshid=YmMyMTA2M2Y=', 0, 0, 1000, '2023-02-22 09:01:09', 'canceled', 'active', '', 0, 0, 0, 0, 0, '1970-01-01', '2023-02-22 09:01:09', 'site'),
(6, 1, 122, 2026078, '-', '{\"currency\":\"INR\",\"start_count\":\"239\",\"remains\":0,\"status\":\"Completed\",\"charge\":0.385}', 5, 166, 0.385, 1, 0.385, 100, '', 0.539, '1', 0, 0, '1', NULL, NULL, 0, NULL, NULL, 'active', 'https://www.instagram.com/p/Cnww9SYPnXY/?igshid=YmMyMTA2M2Y=', 239, 0, 0, '2023-02-22 10:45:45', 'completed', 'active', '', 0, 0, 0, 0, 0, '1970-01-01', '2023-02-22 11:20:04', 'site'),
(7, 48, 134, 2026091, '-', '{\"currency\":\"INR\",\"start_count\":\"308\",\"remains\":0,\"status\":\"Completed\",\"charge\":0.086}', 5, 75, 0.086, 1, 0.086, 1000, '', 0.1118, '1', 0, 0, '1', NULL, NULL, 0, NULL, NULL, 'active', 'https://www.instagram.com/reel/Co7AELSJgX2/?igshid=YmMyMTA2M2Y=', 308, 0, 0, '2023-02-22 13:09:58', 'completed', 'active', '', 0, 0, 0, 0, 0, '1970-01-01', '2023-02-22 13:55:04', 'site'),
(8, 1, 144, 2026673, '-', '{\"currency\":\"INR\",\"start_count\":\"66\",\"remains\":0,\"status\":\"Completed\",\"charge\":2.172612}', 5, 162, 2.172612, 1, 2.172612, 570, '', 3.0416568, '1', 0, 0, '1', NULL, NULL, 0, NULL, NULL, 'active', 'https://www.instagram.com/p/CpE0IkOpDaB/?igshid=YmMyMTA2M2Y=', 66, 0, 0, '2023-02-25 19:07:07', 'completed', 'active', '', 0, 0, 0, 0, 0, '1970-01-01', '2023-02-25 20:20:04', 'site'),
(9, 57, 156, 2026745, '-', '{\"currency\":\"INR\",\"start_count\":\"2316\",\"remains\":0,\"status\":\"Completed\",\"charge\":4.426}', 5, 45, 4.426, 1, 4.426, 200, '', 6.1964, '1', 0, 0, '1', NULL, NULL, 0, NULL, NULL, 'active', 'https://instagram.com/i__m__luckyyy?igshid=Mzc0YWU1OWY=', 2316, 0, 0, '2023-02-25 20:30:30', 'completed', 'active', '', 0, 0, 0, 0, 0, '1970-01-01', '2023-02-25 23:20:04', 'site'),
(10, 57, 186, 0, '{\"error\":\"Service not found or inactive\",\"status\":\"105\"}', '{\"error\":\"Service not found or inactive\",\"status\":\"105\"}', 6, 6564, 0, 1, 0, 1000, '', 5.11875, '1', 0, 0, '1', NULL, NULL, 0, NULL, NULL, 'active', 'https://www.instagram.com/p/CpUKIyDoWex/?igshid=MDM4ZDc5MmU=', 0, 0, 0, '2023-03-04 00:24:17', 'pending', 'active', '', 0, 0, 0, 0, 0, '1970-01-01', '2023-03-04 00:24:17', 'site'),
(11, 57, 186, 0, '{\"error\":\"Service not found or inactive\",\"status\":\"105\"}', '{\"error\":\"Service not found or inactive\",\"status\":\"105\"}', 6, 6564, 0, 1, 0, 1000, '', 5.11875, '1', 0, 0, '1', NULL, NULL, 0, NULL, NULL, 'active', 'https://www.instagram.com/p/CpHobixOvN3/?igshid=MDM4ZDc5MmU=', 0, 0, 0, '2023-03-04 00:25:34', 'pending', 'active', '', 0, 0, 0, 0, 0, '1970-01-01', '2023-03-04 00:25:34', 'site'),
(12, 57, 186, 0, '{\"error\":\"Service not found or inactive\",\"status\":\"105\"}', '{\"error\":\"Service not found or inactive\",\"status\":\"105\"}', 6, 6564, 0, 1, 0, 1000, '', 5.11875, '1', 0, 0, '1', NULL, NULL, 0, NULL, NULL, 'active', 'https://www.instagram.com/p/CpHobixOvN3/?igshid=MDM4ZDc5MmU=', 0, 0, 0, '2023-03-04 00:25:36', 'pending', 'active', '', 0, 0, 0, 0, 0, '1970-01-01', '2023-03-04 00:25:36', 'site'),
(13, 57, 186, 0, '{\"error\":\"Service not found or inactive\",\"status\":\"105\"}', '{\"error\":\"Service not found or inactive\",\"status\":\"105\"}', 6, 6564, 0, 1, 0, 1000, '', 5.11875, '1', 0, 0, '1', NULL, NULL, 0, NULL, NULL, 'active', 'https://www.instagram.com/p/Co4eHb3upHz/?igshid=MDM4ZDc5MmU=', 0, 0, 0, '2023-03-04 00:26:19', 'pending', 'active', '', 0, 0, 0, 0, 0, '1970-01-01', '2023-03-04 00:26:19', 'site'),
(14, 57, 186, 0, '{\"error\":\"Service not found or inactive\",\"status\":\"105\"}', '{\"error\":\"Service not found or inactive\",\"status\":\"105\"}', 6, 6564, 0, 1, 0, 1000, '', 5.11875, '1', 0, 0, '1', NULL, NULL, 0, NULL, NULL, 'active', 'https://www.instagram.com/p/Co4eHb3upHz/?igshid=MDM4ZDc5MmU=', 0, 0, 0, '2023-03-04 00:26:21', 'pending', 'active', '', 0, 0, 0, 0, 0, '1970-01-01', '2023-03-04 00:26:21', 'site'),
(15, 57, 186, 0, '{\"error\":\"Service not found or inactive\",\"status\":\"105\"}', '{\"error\":\"Service not found or inactive\",\"status\":\"105\"}', 6, 6564, 0, 1, 0, 40, '', 0.20475, '1', 0, 0, '1', NULL, NULL, 0, NULL, NULL, 'active', 'https://www.instagram.com/p/CpUKIyDoWex/?igshid=MDM4ZDc5MmU=', 0, 0, 0, '2023-03-04 00:27:53', 'pending', 'active', '', 0, 0, 0, 0, 0, '1970-01-01', '2023-03-04 00:27:53', 'site'),
(16, 81, 201, 1781, '-', '{\"currency\":\"INR\",\"start_count\":\"2328\",\"remains\":0,\"status\":\"Completed\",\"charge\":0.57768}', 7, 30, 0.57768, 1, 0.57768, 20, '', 0.606564, '1', 0, 0, '1', NULL, NULL, 0, NULL, NULL, 'active', 'https://instagram.com/tauheed_shaikh._?igshid=YmMyMTA2M2Y=', 2328, 0, 0, '2023-03-15 13:29:16', 'completed', 'active', '', 0, 0, 0, 0, 0, '1970-01-01', '2023-03-15 13:45:12', 'site'),
(17, 81, 207, 1803, '-', '{\"currency\":\"INR\",\"start_count\":\"1063\",\"remains\":0,\"status\":\"Completed\",\"charge\":2.43878}', 7, 201, 2.43878, 1, 2.43878, 100, '', 2.560719, '1', 0, 0, '1', NULL, NULL, 0, NULL, NULL, 'active', 'https://instagram.com/sale_sales_sales?igshid=YmMyMTA2M2Y=', 1063, 0, 0, '2023-03-15 20:25:35', 'completed', 'active', '', 0, 0, 0, 0, 0, '1970-01-01', '2023-07-20 00:19:50', 'site'),
(18, 84, 210, 32, '-', '{\"charge\":\"0.1\",\"start_count\":\"0\",\"status\":\"Completed\",\"remains\":\"0\",\"currency\":\"USD\"}', 8, 1347, 0.1, 1, 0.1, 1, '', 0.11, '1', 0, 0, '1', NULL, NULL, 0, NULL, NULL, 'active', 'google.com', 0, 0, 0, '2023-07-20 00:34:05', 'completed', 'active', '', 0, 0, 0, 0, 0, '1970-01-01', '2023-07-20 00:40:08', 'site'),
(19, 84, 210, 33, '-', '{\"charge\":\"0.1\",\"start_count\":\"0\",\"status\":\"Completed\",\"remains\":\"0\",\"currency\":\"USD\"}', 8, 1347, 0.1, 1, 0.1, 1, '', 0.11, '1', 0, 0, '1', NULL, NULL, 0, NULL, NULL, 'active', 'facebook.com', 0, 0, 0, '2023-07-20 00:34:21', 'completed', 'active', '', 0, 0, 0, 0, 0, '1970-01-01', '2023-07-20 00:40:08', 'site'),
(20, 84, 210, 34, '-', '{\"charge\":\"0.1\",\"start_count\":\"0\",\"status\":\"Completed\",\"remains\":\"0\",\"currency\":\"USD\"}', 8, 1347, 0.1, 1, 0.1, 1, '', 0.11, '1', 0, 0, '1', NULL, NULL, 0, NULL, NULL, 'active', 'googleserver.com', 0, 0, 0, '2023-07-20 00:34:30', 'completed', 'active', '', 0, 0, 0, 0, 0, '1970-01-01', '2023-07-20 00:40:08', 'site');

-- --------------------------------------------------------

--
-- Table structure for table `pages`
--

CREATE TABLE `pages` (
  `page_id` int(11) NOT NULL,
  `page_name` varchar(225) NOT NULL,
  `page_get` varchar(225) NOT NULL,
  `page_content` text NOT NULL
) ENGINE=InnoDB DEFAULT CHARSET=utf8mb3 COLLATE=utf8mb3_general_ci;

--
-- Dumping data for table `pages`
--

INSERT INTO `pages` (`page_id`, `page_name`, `page_get`, `page_content`) VALUES
(1, 'Login', 'auth', ''),
(2, 'Services', 'services', ''),
(3, 'Frequently Asked Questions', 'faq', ''),
(4, 'Contracts', 'terms', ''),
(5, 'New Order', 'neworder', ''),
(6, 'Add Balance', 'addfunds', ''),
(7, 'Child Panels', 'child-panels', ''),
(8, 'Tickets', 'tickets', ''),
(9, 'Affiliate', 'affiliates', '');

-- --------------------------------------------------------

--
-- Table structure for table `payments`
--

CREATE TABLE `payments` (
  `payment_id` int(11) NOT NULL,
  `client_id` int(11) NOT NULL,
  `client_balance` double NOT NULL DEFAULT 0,
  `payment_amount` double NOT NULL,
  `papara_amount` double DEFAULT NULL,
  `payment_privatecode` double DEFAULT NULL,
  `payment_method` int(11) NOT NULL,
  `payment_status` enum('1','2','3') NOT NULL DEFAULT '1',
  `payment_delivery` enum('1','2') NOT NULL DEFAULT '1',
  `payment_note` text NOT NULL,
  `payment_mode` enum('Manuel','Otomatik') NOT NULL DEFAULT 'Otomatik',
  `payment_create_date` datetime NOT NULL,
  `payment_update_date` datetime NOT NULL,
  `payment_ip` varchar(225) NOT NULL,
  `payment_extra` text NOT NULL,
  `payment_bank` int(11) NOT NULL
) ENGINE=InnoDB DEFAULT CHARSET=utf8mb3 COLLATE=utf8mb3_general_ci;

--
-- Dumping data for table `payments`
--

INSERT INTO `payments` (`payment_id`, `client_id`, `client_balance`, `payment_amount`, `papara_amount`, `payment_privatecode`, `payment_method`, `payment_status`, `payment_delivery`, `payment_note`, `payment_mode`, `payment_create_date`, `payment_update_date`, `payment_ip`, `payment_extra`, `payment_bank`) VALUES
(1, 1, 398.8184362, -398, NULL, NULL, 1, '3', '2', '', 'Manuel', '2023-02-21 16:07:08', '2023-02-21 16:07:08', '', '', 0),
(2, 48, 0, 5, NULL, NULL, 1, '3', '2', '', 'Manuel', '2023-02-22 08:59:32', '2023-02-22 08:59:32', '', '', 0),
(3, 25, 20, -20, NULL, NULL, 1, '3', '2', '', 'Manuel', '2023-02-22 10:59:07', '2023-02-22 10:59:07', '', '', 0),
(4, 26, 20, -20, NULL, NULL, 1, '3', '2', '', 'Manuel', '2023-02-22 10:59:22', '2023-02-22 10:59:22', '', '', 0),
(5, 27, 20, -20, NULL, NULL, 1, '3', '2', '', 'Manuel', '2023-02-22 10:59:36', '2023-02-22 10:59:36', '', '', 0),
(6, 57, 0, 30, NULL, NULL, 1, '3', '2', '', 'Manuel', '2023-02-25 20:29:03', '2023-02-25 20:29:03', '', '', 0),
(7, 57, 30, 2, NULL, NULL, 1, '3', '2', '', 'Manuel', '2023-02-25 20:29:41', '2023-02-25 20:29:41', '', '', 0),
(8, 81, 0, 10, NULL, NULL, 14, '3', '2', '', 'Manuel', '2023-03-15 13:17:29', '2023-03-15 13:17:29', '', '', 0),
(9, 84, 0, 10, NULL, NULL, 1, '3', '2', 'ok', 'Manuel', '2023-07-20 00:33:48', '2023-07-20 00:33:48', '', '', 0),
(10, 84, 9.67, 20, NULL, NULL, 1, '3', '2', 'OK Sir', 'Manuel', '2023-07-22 03:17:18', '2023-07-22 03:17:18', '', '', 0);

-- --------------------------------------------------------

--
-- Table structure for table `payments_bonus`
--

CREATE TABLE `payments_bonus` (
  `bonus_id` int(11) NOT NULL,
  `bonus_method` int(11) NOT NULL,
  `bonus_from` double NOT NULL,
  `bonus_amount` double NOT NULL,
  `bonus_type` enum('1','2') NOT NULL DEFAULT '2'
) ENGINE=InnoDB DEFAULT CHARSET=utf8mb3 COLLATE=utf8mb3_general_ci;

-- --------------------------------------------------------

--
-- Table structure for table `payment_methods`
--

CREATE TABLE `payment_methods` (
  `id` int(11) NOT NULL,
  `method_name` varchar(225) NOT NULL,
  `method_get` varchar(225) NOT NULL,
  `method_min` double NOT NULL,
  `method_max` double NOT NULL,
  `method_type` enum('1','2') NOT NULL DEFAULT '2' COMMENT '2 -> ON, 1 -> OFF	',
  `method_extras` text NOT NULL,
  `method_line` double NOT NULL
) ENGINE=InnoDB DEFAULT CHARSET=utf8mb3 COLLATE=utf8mb3_general_ci;

--
-- Dumping data for table `payment_methods`
--

INSERT INTO `payment_methods` (`id`, `method_name`, `method_get`, `method_min`, `method_max`, `method_type`, `method_extras`, `method_line`) VALUES
(1, 'Paytr', 'paytr', 1, 0, '2', '{\"method_type\":\"2\",\"name\":\"Paytr\",\"min\":\"1\",\"max\":\"0\",\"merchant_id\":\"\",\"merchant_key\":\"\",\"merchant_salt\":\"\",\"fee\":\"0\"}', 1),
(2, 'Paytrhavale', 'paytr_havale', 1, 0, '2', '{\"method_type\":\"2\",\"name\":\"Paytrhavale\",\"min\":\"1\",\"max\":\"0\",\"merchant_id\":\"\",\"merchant_key\":\"\",\"merchant_salt\":\"\",\"fee\":\"0\"}', 2),
(3, 'Paywant', 'paywant', 1, 0, '2', '{\"method_type\":\"2\",\"name\":\"Paywant\",\"min\":\"1\",\"max\":\"0\",\"apiKey\":\"\",\"apiSecret\":\"\",\"fee\":\"0\",\"commissionType\":\"2\",\"payment_type\":[\"1\",\"2\",\"3\"]}', 3),
(4, 'Shopier', 'shopier', 1, 0, '2', '{\"method_type\":\"2\",\"name\":\"Shopier\",\"min\":\"1\",\"max\":\"0\",\"apiKey\":\"\",\"apiSecret\":\"\",\"website_index\":\"1\",\"processing_fee\":\"1\",\"fee\":\"4,99\"}', 4),
(5, 'Shoplemo', 'shoplemo', 1, 0, '2', '{\"method_type\":\"2\",\"name\":\"Shoplemo\",\"min\":\"1\",\"max\":\"0\",\"apiKey\":\"\",\"apiSecret\":\"\",\"fee\":\"0\"}', 5),
(6, 'CoinPayments', 'coinpayments', 10, 10000, '2', '{\"method_type\":\"2\",\"name\":\"Coinpayments\",\"min\":\"10\",\"max\":\"10000\",\"coinpayments_public_key\":\"rtert\",\"coinpayments_private_key\":\"etetertet\",\"coinpayments_currency\":\"etrertre\",\"merchant_id\":\"ertetret\",\"ipn_secret\":\"etrtetet\",\"fee\":\"etette\"}', 7),
(9, '2checkout', '2checkout', 1, 0, '2', '{\"method_type\":\"2\",\"name\":\"2checkout\",\"min\":\"1\",\"max\":\"0\",\"seller_id\":\"\",\"private_key\":\"\",\"currency\":\"\",\"fee\":\"\"}', 8),
(12, 'PayTM', 'paytm', 10, 10000, '2', '{\"method_type\":\"2\",\"name\":\"PAYTM - UPI - QR\",\"min\":\"10\",\"max\":\"10000\",\"merchant_key\":\"I%SgdeKyVH_7obXi\",\"merchant_mid\":\"FhBzSn88553244120411\",\"merchant_website\":\"DEFAULT\",\"currency\":\"INR\",\"fee\":\"0\"}', 9),
(13, 'Weepay', 'weepay', 1, 0, '2', '{\"method_type\":\"2\",\"name\":\"Weepay\",\"min\":\"1\",\"max\":\"0\",\"bayi_id\":\"\",\"api_key\":\"\",\"secret_key\":\"\",\"currency\":\"USD\",\"fee\":\"0\"}', 6),
(14, 'PayTm QR', 'paytmqr', 10, 10000, '2', '{\"method_type\":\"2\",\"name\":\"PayTM QR\",\"min\":\"10\",\"max\":\"10000\",\"merchant_key\":\"https:\\/\\/imgur.com\\/a83kcda.jpg\",\"merchant_mid\":\"paytmqr2810050501011oegcyb8idhl@paytm\",\"merchant_website\":\"DEFAULT\",\"fee\":\"0\"}', 10),
(15, 'RazorPay', 'razorpay', 1, 0, '2', '{\"method_type\":\"2\",\"name\":\"Razorpay\",\"min\":\"1\",\"max\":\"0\",\"public_key\":\"fcfhdgdf\",\"key_secret\":\"fdgdfdfgfdg\",\"merchant_website\":\"https:\\/\\/api.razorpay.com\\/v1\\/orders\",\"fee\":\"0\"}', 1),
(16, 'Perfect Money', 'perfectmoney', 0.001, 10000, '2', '{\"method_type\":\"2\",\"name\":\"Perfect Money USD \",\"min\":\"0.001\",\"max\":\"10000\",\"passphrase\":\"T44a5Cz3A0oXEyHTDhrGHlfUd\",\"usd\":\"U32990361\",\"merchant_website\":\"ospking.ownsmmpanel.in\",\"fee\":\"0\"}', 10);

-- --------------------------------------------------------

--
-- Table structure for table `referral`
--

CREATE TABLE `referral` (
  `id` int(11) NOT NULL,
  `client_id` int(11) NOT NULL,
  `refferal` int(11) NOT NULL,
  `action` text CHARACTER SET utf8mb3 COLLATE utf8mb3_general_ci NOT NULL,
  `register_date` varchar(225) CHARACTER SET utf8mb3 COLLATE utf8mb3_general_ci NOT NULL
) ENGINE=InnoDB DEFAULT CHARSET=latin1 COLLATE=latin1_swedish_ci;

-- --------------------------------------------------------

--
-- Table structure for table `serviceapi_alert`
--

CREATE TABLE `serviceapi_alert` (
  `id` int(11) NOT NULL,
  `service_id` int(11) NOT NULL,
  `serviceapi_alert` text NOT NULL,
  `servicealert_extra` text NOT NULL,
  `servicealert_date` datetime NOT NULL
) ENGINE=InnoDB DEFAULT CHARSET=utf8mb3 COLLATE=utf8mb3_general_ci;

--
-- Dumping data for table `serviceapi_alert`
--

INSERT INTO `serviceapi_alert` (`id`, `service_id`, `serviceapi_alert`, `servicealert_extra`, `servicealert_date`) VALUES
(2, 121, '#121 numbered  Removed by the service provider named.', '{\"old\":\"Active on Provider\",\"new\":\"Passive at Provider\"}', '2023-02-22 10:56:04'),
(3, 122, '#122 numbered  Removed by the service provider named.', '{\"old\":\"Active on Provider\",\"new\":\"Passive at Provider\"}', '2023-02-22 11:16:01'),
(4, 123, '#123 numbered  Removed by the service provider named.', '{\"old\":\"Active on Provider\",\"new\":\"Passive at Provider\"}', '2023-02-22 11:16:02'),
(5, 124, '#124 numbered  Removed by the service provider named.', '{\"old\":\"Active on Provider\",\"new\":\"Passive at Provider\"}', '2023-02-22 11:16:02'),
(6, 128, '#128 numbered  Removed by the service provider named.', '{\"old\":\"Active on Provider\",\"new\":\"Passive at Provider\"}', '2023-02-22 11:16:02'),
(7, 127, '#127 numbered ✴️ Instagram Reel Views [Instant Start] [500-1M~Hour] ✴️ The service price has been changed.', '{\"old\":\"0.0992\",\"new\":\"0.1091\"}', '2023-02-24 01:01:33'),
(8, 186, '#186 numbered  Removed by the service provider named.', '{\"old\":\"Active on Provider\",\"new\":\"Passive at Provider\"}', '2023-03-08 20:08:01'),
(9, 187, '#187 numbered  Removed by the service provider named.', '{\"old\":\"Active on Provider\",\"new\":\"Passive at Provider\"}', '2023-03-08 20:08:01'),
(10, 194, '#194 numbered  Removed by the service provider named.', '{\"old\":\"Active on Provider\",\"new\":\"Passive at Provider\"}', '2023-03-08 20:08:01'),
(11, 195, '#195 numbered  Removed by the service provider named.', '{\"old\":\"Active on Provider\",\"new\":\"Passive at Provider\"}', '2023-03-08 20:08:01'),
(12, 183, '#183 numbered  Removed by the service provider named.', '{\"old\":\"Active on Provider\",\"new\":\"Passive at Provider\"}', '2023-03-08 20:08:01'),
(13, 197, '#197 numbered  Removed by the service provider named.', '{\"old\":\"Active on Provider\",\"new\":\"Passive at Provider\"}', '2023-03-10 02:37:13'),
(14, 185, '#185 numbered  Removed by the service provider named.', '{\"old\":\"Active on Provider\",\"new\":\"Passive at Provider\"}', '2023-03-12 20:47:11'),
(15, 188, '#188 numbered  Removed by the service provider named.', '{\"old\":\"Active on Provider\",\"new\":\"Passive at Provider\"}', '2023-03-12 20:47:11'),
(16, 189, '#189 numbered  Removed by the service provider named.', '{\"old\":\"Active on Provider\",\"new\":\"Passive at Provider\"}', '2023-03-12 20:47:11'),
(17, 190, '#190 numbered  Removed by the service provider named.', '{\"old\":\"Active on Provider\",\"new\":\"Passive at Provider\"}', '2023-03-12 20:47:11'),
(18, 191, '#191 numbered  Removed by the service provider named.', '{\"old\":\"Active on Provider\",\"new\":\"Passive at Provider\"}', '2023-03-12 20:47:11'),
(19, 192, '#192 numbered  Removed by the service provider named.', '{\"old\":\"Active on Provider\",\"new\":\"Passive at Provider\"}', '2023-03-12 20:47:11'),
(20, 193, '#193 numbered  Removed by the service provider named.', '{\"old\":\"Active on Provider\",\"new\":\"Passive at Provider\"}', '2023-03-12 20:47:11'),
(21, 184, '#184 numbered  Removed by the service provider named.', '{\"old\":\"Active on Provider\",\"new\":\"Passive at Provider\"}', '2023-03-12 20:47:11'),
(22, 197, '#197 numbered  IG (Views + Tv + Reels) ?【 ???????? ???????? ????? ❤️ It has been reactivated by the service provider named.', '{\"old\":\"Passive at Provider\",\"new\":\"Active on Provider\"}', '2023-03-13 13:26:16'),
(23, 197, '#197 numbered  Removed by the service provider named.', '{\"old\":\"Active on Provider\",\"new\":\"Passive at Provider\"}', '2023-03-13 22:47:09'),
(24, 196, '#196 numbered  Removed by the service provider named.', '{\"old\":\"Active on Provider\",\"new\":\"Passive at Provider\"}', '2023-07-20 00:20:52'),
(25, 205, '#205 numbered  Removed by the service provider named.', '{\"old\":\"Active on Provider\",\"new\":\"Passive at Provider\"}', '2023-07-20 00:20:52'),
(27, 210, '#210 numbered  Removed by the service provider named.', '{\"old\":\"Active on Provider\",\"new\":\"Passive at Provider\"}', '2023-07-20 01:06:58');

-- --------------------------------------------------------

--
-- Table structure for table `tasks`
--

CREATE TABLE `tasks` (
  `task_id` int(11) NOT NULL,
  `client_id` int(11) DEFAULT NULL,
  `order_id` int(11) DEFAULT NULL,
  `service_id` int(11) DEFAULT NULL,
  `task_type` varchar(225) DEFAULT NULL,
  `task_status` varchar(225) DEFAULT 'pending',
  `task_date` datetime DEFAULT NULL,
  `refill_orderid` varchar(225) DEFAULT NULL
) ENGINE=InnoDB DEFAULT CHARSET=utf8mb3 COLLATE=utf8mb3_general_ci;

-- --------------------------------------------------------

--
-- Table structure for table `themes`
--

CREATE TABLE `themes` (
  `id` int(11) NOT NULL,
  `theme_name` text NOT NULL,
  `theme_dirname` text NOT NULL,
  `theme_extras` text NOT NULL,
  `newpage` text NOT NULL
) ENGINE=InnoDB DEFAULT CHARSET=utf8mb3 COLLATE=utf8mb3_general_ci;

--
-- Dumping data for table `themes`
--

INSERT INTO `themes` (`id`, `theme_name`, `theme_dirname`, `theme_extras`, `newpage`) VALUES
(27, 'Tms', 'tms', '{\"stylesheets\":[\"css/panel/tms/0rgqg1rhay0fkqmn.css\",\"css/panel/tms/nml0msibyl7u7p94.css\",\"css/panel/tms/bootstrap-datetimepicker.min.css\",\"css/panel/tms/all.min.css\",\"css/panel/tms/c3gyq3shygmabbke.css\"],\"scripts\":[\"https:\\/\\/cdnjs.cloudflare.com\\/ajax\\/libs\\/jquery\\/1.12.4\\/jquery.min.js\",\"js/panel/tms/aknio8ec1fpphc0p.js\",\"js/panel/tms/nfos6j9mo1on7ksz.js\",\"js/panel/tms/iwra9i0w72mka2d8.js\",\"js/main.js\",\"js/panel/tms/lyjw5juxsq2ezpcf.js\",\"js/panel/tms/totjmyqfkhliq7zs.js\"]}', '');

-- --------------------------------------------------------

--
-- Table structure for table `tickets`
--

CREATE TABLE `tickets` (
  `ticket_id` int(11) NOT NULL,
  `client_id` int(11) NOT NULL,
  `subject` varchar(225) NOT NULL,
  `time` datetime NOT NULL,
  `lastupdate_time` datetime NOT NULL,
  `client_new` enum('1','2') NOT NULL DEFAULT '2',
  `status` enum('pending','answered','closed') NOT NULL DEFAULT 'pending',
  `support_new` enum('1','2') NOT NULL DEFAULT '1',
  `canmessage` enum('1','2') NOT NULL DEFAULT '2'
) ENGINE=InnoDB DEFAULT CHARSET=utf8mb3 COLLATE=utf8mb3_general_ci;

--
-- Dumping data for table `tickets`
--

INSERT INTO `tickets` (`ticket_id`, `client_id`, `subject`, `time`, `lastupdate_time`, `client_new`, `status`, `support_new`, `canmessage`) VALUES
(1, 61, 'Payment', '2023-03-01 11:03:55', '2023-03-03 21:38:35', '2', 'pending', '1', '2'),
(2, 61, 'Order', '2023-03-03 21:41:18', '2023-03-03 21:41:18', '1', 'pending', '1', '2'),
(3, 63, 'Order', '2023-03-10 21:04:29', '2023-03-10 21:04:29', '2', 'pending', '1', '2'),
(4, 1, 'Order', '2023-03-15 13:27:43', '2023-03-15 13:27:43', '2', 'pending', '1', '2'),
(5, 84, 'Order', '2023-07-20 00:50:55', '2023-07-20 00:51:06', '1', 'answered', '1', '2');

-- --------------------------------------------------------

--
-- Table structure for table `ticket_reply`
--

CREATE TABLE `ticket_reply` (
  `id` int(11) NOT NULL,
  `ticket_id` int(11) NOT NULL,
  `client_id` int(11) NOT NULL,
  `support_team` varchar(225) NOT NULL,
  `time` datetime NOT NULL,
  `support` enum('1','2') NOT NULL DEFAULT '1',
  `message` text NOT NULL
) ENGINE=InnoDB DEFAULT CHARSET=utf8mb3 COLLATE=utf8mb3_general_ci;

--
-- Dumping data for table `ticket_reply`
--

INSERT INTO `ticket_reply` (`id`, `ticket_id`, `client_id`, `support_team`, `time`, `support`, `message`) VALUES
(1, 1, 0, '', '2023-03-01 11:03:55', '1', 'Payment Problem: How Do I Load Balance?\r\n Detailed Description: HivsnddDemoo'),
(2, 1, 0, '', '2023-03-03 21:38:35', '1', 'Ffffffffgg'),
(3, 2, 0, '', '2023-03-03 21:41:18', '1', 'Order Number: 445676\r\nRequest: My Order Is Not Completed\r\n Detailed Description: Gsjehksvshd'),
(4, 3, 0, '', '2023-03-10 21:04:29', '1', 'Order Number: 123\r\nRequest: My Order Is Not Completed\r\n Detailed Description: Testari to the same question I have a '),
(5, 4, 0, '', '2023-03-15 13:27:43', '1', 'Order Number: 737\r\nRequest: G&ouml;nderilen Miktar D&uuml;şt&uuml;\r\n Detailed Description: Hii please decrease price '),
(6, 5, 0, '', '2023-07-20 00:50:55', '1', 'Order Number: 4124\r\nRequest: My Order Failed While Loading\r\n Detailed Description: wfawfawfawfawfawf'),
(7, 5, 0, '', '2023-07-20 00:51:06', '2', 'wfawfawfawf');

-- --------------------------------------------------------

--
-- Table structure for table `ticket_subjects`
--

CREATE TABLE `ticket_subjects` (
  `subject_id` int(11) NOT NULL,
  `subject` varchar(225) NOT NULL,
  `content` text DEFAULT NULL,
  `auto_reply` enum('0','1') NOT NULL DEFAULT '0'
) ENGINE=InnoDB DEFAULT CHARSET=utf8mb3 COLLATE=utf8mb3_general_ci ROW_FORMAT=COMPACT;

--
-- Dumping data for table `ticket_subjects`
--

INSERT INTO `ticket_subjects` (`subject_id`, `subject`, `content`, `auto_reply`) VALUES
(1, 'Order', '', '0'),
(2, 'Payment', '', '0'),
(3, 'About the Dealership', '', '0'),
(4, 'Complaint & Suggestion', '', '0'),
(6, 'Other', '', '0');

--
-- Indexes for table `blogs`
--
ALTER TABLE `blogs`
  ADD PRIMARY KEY (`id`);

--
-- Indexes for table `child_panels`
--
ALTER TABLE `child_panels`
  ADD PRIMARY KEY (`id`);

--
-- Indexes for table `clients_category`
--
ALTER TABLE `clients_category`
  ADD PRIMARY KEY (`id`);

--
-- Indexes for table `clients_price`
--
ALTER TABLE `clients_price`
  ADD PRIMARY KEY (`id`);

--
-- Indexes for table `clients_service`
--
ALTER TABLE `clients_service`
  ADD PRIMARY KEY (`id`);

--
-- Indexes for table `client_report`
--
ALTER TABLE `client_report`
  ADD PRIMARY KEY (`id`);

--
-- Indexes for table `crons`
--
ALTER TABLE `crons`
  ADD PRIMARY KEY (`cron_id`);

--
-- Indexes for table `crons_report`
--
ALTER TABLE `crons_report`
  ADD PRIMARY KEY (`crons_id`);

--
-- Indexes for table `files`
--
ALTER TABLE `files`
  ADD PRIMARY KEY (`id`);

--
-- Indexes for table `guard_log`
--
ALTER TABLE `guard_log`
  ADD PRIMARY KEY (`id`);

--
-- Indexes for table `integrations`
--
ALTER TABLE `integrations`
  ADD PRIMARY KEY (`id`);

--
-- Indexes for table `languages`
--
ALTER TABLE `languages`
  ADD PRIMARY KEY (`id`);

--
-- Indexes for table `menu`
--
ALTER TABLE `menu`
  ADD PRIMARY KEY (`id`);

--
-- Indexes for table `modules`
--
ALTER TABLE `modules`
  ADD PRIMARY KEY (`id`);

--
-- Indexes for table `news`
--
ALTER TABLE `news`
  ADD PRIMARY KEY (`id`);

--
-- Indexes for table `notifications_popup`
--
ALTER TABLE `notifications_popup`
  ADD PRIMARY KEY (`id`);

--
-- Indexes for table `orders`
--
ALTER TABLE `orders`
  ADD PRIMARY KEY (`order_id`),
  ADD KEY `client_id` (`client_id`),
  ADD KEY `service_id` (`service_id`),
  ADD KEY `api_orderid` (`api_orderid`),
  ADD KEY `order_api` (`order_api`),
  ADD KEY `api_serviceid` (`api_serviceid`);

--
-- Indexes for table `pages`
--
ALTER TABLE `pages`
  ADD PRIMARY KEY (`page_id`),
  ADD UNIQUE KEY `page_id` (`page_id`);

--
-- Indexes for table `payments`
--
ALTER TABLE `payments`
  ADD PRIMARY KEY (`payment_id`),
  ADD UNIQUE KEY `payment_privatecode` (`payment_privatecode`),
  ADD KEY `client_id` (`client_id`),
  ADD KEY `client_balance` (`client_balance`),
  ADD KEY `payment_amount` (`payment_amount`),
  ADD KEY `payment_method` (`payment_method`),
  ADD KEY `payment_status` (`payment_status`);

--
-- Indexes for table `payments_bonus`
--
ALTER TABLE `payments_bonus`
  ADD PRIMARY KEY (`bonus_id`);

--
-- Indexes for table `payment_methods`
--
ALTER TABLE `payment_methods`
  ADD PRIMARY KEY (`id`);

--
-- Indexes for table `referral`
--
ALTER TABLE `referral`
  ADD PRIMARY KEY (`id`);

--
-- Indexes for table `serviceapi_alert`
--
ALTER TABLE `serviceapi_alert`
  ADD PRIMARY KEY (`id`);

--
-- Indexes for table `tasks`
--
ALTER TABLE `tasks`
  ADD PRIMARY KEY (`task_id`);

--
-- Indexes for table `themes`
--
ALTER TABLE `themes`
  ADD PRIMARY KEY (`id`);

--
-- Indexes for table `tickets`
--
ALTER TABLE `tickets`
  ADD PRIMARY KEY (`ticket_id`);

--
-- Indexes for table `ticket_reply`
--
ALTER TABLE `ticket_reply`
  ADD PRIMARY KEY (`id`);

--
-- Indexes for table `ticket_subjects`
--
ALTER TABLE `ticket_subjects`
  ADD PRIMARY KEY (`subject_id`);

--
-- AUTO_INCREMENT for table `blogs`
--
ALTER TABLE `blogs`
  MODIFY `id` int(11) NOT NULL AUTO_INCREMENT;

--
-- AUTO_INCREMENT for table `child_panels`
--
ALTER TABLE `child_panels`
  MODIFY `id` int(11) NOT NULL AUTO_INCREMENT;

--
-- AUTO_INCREMENT for table `clients_category`
--
ALTER TABLE `clients_category`
  MODIFY `id` int(11) NOT NULL AUTO_INCREMENT;

--
-- AUTO_INCREMENT for table `clients_price`
--
ALTER TABLE `clients_price`
  MODIFY `id` int(11) NOT NULL AUTO_INCREMENT;

--
-- AUTO_INCREMENT for table `clients_service`
--
ALTER TABLE `clients_service`
  MODIFY `id` int(11) NOT NULL AUTO_INCREMENT;

--
-- AUTO_INCREMENT for table `client_report`
--
ALTER TABLE `client_report`
  MODIFY `id` int(11) NOT NULL AUTO_INCREMENT, AUTO_INCREMENT=300;

--
-- AUTO_INCREMENT for table `crons`
--
ALTER TABLE `crons`
  MODIFY `cron_id` int(11) NOT NULL AUTO_INCREMENT, AUTO_INCREMENT=8;

--
-- AUTO_INCREMENT for table `crons_report`
--
ALTER TABLE `crons_report`
  MODIFY `crons_id` int(11) NOT NULL AUTO_INCREMENT, AUTO_INCREMENT=47860;

--
-- AUTO_INCREMENT for table `files`
--
ALTER TABLE `files`
  MODIFY `id` int(11) NOT NULL AUTO_INCREMENT;

--
-- AUTO_INCREMENT for table `guard_log`
--
ALTER TABLE `guard_log`
  MODIFY `id` int(11) NOT NULL AUTO_INCREMENT, AUTO_INCREMENT=6;

--
-- AUTO_INCREMENT for table `integrations`
--
ALTER TABLE `integrations`
  MODIFY `id` int(11) NOT NULL AUTO_INCREMENT, AUTO_INCREMENT=15;

--
-- AUTO_INCREMENT for table `languages`
--
ALTER TABLE `languages`
  MODIFY `id` int(11) NOT NULL AUTO_INCREMENT, AUTO_INCREMENT=12;

--
-- AUTO_INCREMENT for table `menu`
--
ALTER TABLE `menu`
  MODIFY `id` int(11) NOT NULL AUTO_INCREMENT, AUTO_INCREMENT=21;

--
-- AUTO_INCREMENT for table `modules`
--
ALTER TABLE `modules`
  MODIFY `id` int(11) NOT NULL AUTO_INCREMENT, AUTO_INCREMENT=8;

--
-- AUTO_INCREMENT for table `news`
--
ALTER TABLE `news`
  MODIFY `id` int(11) NOT NULL AUTO_INCREMENT;

--
-- AUTO_INCREMENT for table `notifications_popup`
--
ALTER TABLE `notifications_popup`
  MODIFY `id` int(11) NOT NULL AUTO_INCREMENT, AUTO_INCREMENT=9;

--
-- AUTO_INCREMENT for table `orders`
--
ALTER TABLE `orders`
  MODIFY `order_id` int(11) NOT NULL AUTO_INCREMENT, AUTO_INCREMENT=21;

--
-- AUTO_INCREMENT for table `pages`
--
ALTER TABLE `pages`
  MODIFY `page_id` int(11) NOT NULL AUTO_INCREMENT, AUTO_INCREMENT=18;

--
-- AUTO_INCREMENT for table `payments`
--
ALTER TABLE `payments`
  MODIFY `payment_id` int(11) NOT NULL AUTO_INCREMENT, AUTO_INCREMENT=11;

--
-- AUTO_INCREMENT for table `payments_bonus`
--
ALTER TABLE `payments_bonus`
  MODIFY `bonus_id` int(11) NOT NULL AUTO_INCREMENT;

--
-- AUTO_INCREMENT for table `payment_methods`
--
ALTER TABLE `payment_methods`
  MODIFY `id` int(11) NOT NULL AUTO_INCREMENT, AUTO_INCREMENT=17;

--
-- AUTO_INCREMENT for table `referral`
--
ALTER TABLE `referral`
  MODIFY `id` int(11) NOT NULL AUTO_INCREMENT;

--
-- AUTO_INCREMENT for table `serviceapi_alert`
--
ALTER TABLE `serviceapi_alert`
  MODIFY `id` int(11) NOT NULL AUTO_INCREMENT, AUTO_INCREMENT=28;

--
-- AUTO_INCREMENT for table `tasks`
--
ALTER TABLE `tasks`
  MODIFY `task_id` int(11) NOT NULL AUTO_INCREMENT;

--
-- AUTO_INCREMENT for table `themes`
--
ALTER TABLE `themes`
  MODIFY `id` int(11) NOT NULL AUTO_INCREMENT, AUTO_INCREMENT=56;

--
-- AUTO_INCREMENT for table `tickets`
--
ALTER TABLE `tickets`
  MODIFY `ticket_id` int(11) NOT NULL AUTO_INCREMENT, AUTO_INCREMENT=6;

--
-- AUTO_INCREMENT for table `ticket_reply`
--
ALTER TABLE `ticket_reply`
  MODIFY `id` int(11) NOT NULL AUTO_INCREMENT, AUTO_INCREMENT=8;

--
-- AUTO_INCREMENT for table `ticket_subjects`
--
ALTER TABLE `ticket_subjects`
  MODIFY `subject_id` int(11) NOT NULL AUTO_INCREMENT, AUTO_INCREMENT=8;
COMMIT;

